CRAN Package Check Results for Package bigstatsr

Last updated on 2020-12-31 00:46:38 CET.

Flavor Version Tinstall Tcheck Ttotal Status Flags
r-devel-linux-x86_64-debian-clang 1.3.1 235.95 247.95 483.90 OK
r-devel-linux-x86_64-debian-gcc 1.3.1 153.62 184.36 337.98 OK
r-devel-linux-x86_64-fedora-clang 1.3.1 636.00 NOTE
r-devel-linux-x86_64-fedora-gcc 1.3.1 574.94 OK
r-devel-windows-ix86+x86_64 1.3.1 615.00 604.00 1219.00 NOTE
r-patched-linux-x86_64 1.3.1 184.05 231.42 415.47 OK
r-patched-solaris-x86 1.3.1 724.40 OK
r-release-linux-x86_64 1.3.1 186.42 227.31 413.73 OK
r-release-macos-x86_64 1.3.1 NOTE
r-release-windows-ix86+x86_64 1.3.1 612.00 622.00 1234.00 NOTE
r-oldrel-macos-x86_64 1.3.1 NOTE
r-oldrel-windows-ix86+x86_64 1.3.1 387.00 431.00 818.00 NOTE

Check Details

Version: 1.3.1
Check: installed package size
Result: NOTE
     installed size is 14.8Mb
     sub-directories of 1Mb or more:
     extdata 2.3Mb
     libs 11.8Mb
Flavors: r-devel-linux-x86_64-fedora-clang, r-devel-windows-ix86+x86_64, r-release-macos-x86_64, r-release-windows-ix86+x86_64, r-oldrel-macos-x86_64, r-oldrel-windows-ix86+x86_64