CRAN Package Check Results for Package beam

Last updated on 2020-12-31 00:46:37 CET.

Flavor Version Tinstall Tcheck Ttotal Status Flags
r-devel-linux-x86_64-debian-clang 2.0.2 51.38 81.61 132.99 OK
r-devel-linux-x86_64-debian-gcc 2.0.2 41.55 62.69 104.24 OK
r-devel-linux-x86_64-fedora-clang 2.0.2 187.34 OK
r-devel-linux-x86_64-fedora-gcc 2.0.2 171.10 OK
r-devel-windows-ix86+x86_64 2.0.2 134.00 163.00 297.00 OK
r-patched-linux-x86_64 2.0.2 45.40 76.48 121.88 OK
r-patched-solaris-x86 2.0.2 214.10 OK
r-release-linux-x86_64 2.0.2 48.68 76.26 124.94 OK
r-release-macos-x86_64 2.0.2 NOTE
r-release-windows-ix86+x86_64 2.0.2 132.00 156.00 288.00 OK
r-oldrel-macos-x86_64 2.0.2 NOTE
r-oldrel-windows-ix86+x86_64 2.0.2 91.00 111.00 202.00 OK

Check Details

Version: 2.0.2
Check: installed package size
Result: NOTE
     installed size is 5.3Mb
     sub-directories of 1Mb or more:
     libs 4.7Mb
Flavors: r-release-macos-x86_64, r-oldrel-macos-x86_64