CRAN Package Check Results for Package bastah

Last updated on 2020-12-31 00:46:37 CET.

Flavor Version Tinstall Tcheck Ttotal Status Flags
r-devel-linux-x86_64-debian-clang 1.0.7 9.60 67.89 77.49 NOTE
r-devel-linux-x86_64-debian-gcc 1.0.7 7.04 51.97 59.01 NOTE
r-devel-linux-x86_64-fedora-clang 1.0.7 97.63 NOTE
r-devel-linux-x86_64-fedora-gcc 1.0.7 89.87 NOTE
r-devel-windows-ix86+x86_64 1.0.7 18.00 75.00 93.00 NOTE
r-patched-linux-x86_64 1.0.7 9.38 64.20 73.58 NOTE
r-patched-solaris-x86 1.0.7 129.00 NOTE
r-release-linux-x86_64 1.0.7 7.29 63.80 71.09 NOTE
r-release-macos-x86_64 1.0.7 NOTE
r-release-windows-ix86+x86_64 1.0.7 19.00 64.00 83.00 NOTE
r-oldrel-macos-x86_64 1.0.7 OK
r-oldrel-windows-ix86+x86_64 1.0.7 12.00 59.00 71.00 NOTE

Check Details

Version: 1.0.7
Check: package dependencies
Result: NOTE
    Package which this enhances but not available for checking: 'rPython'
Flavors: r-devel-linux-x86_64-debian-clang, r-devel-linux-x86_64-debian-gcc, r-devel-linux-x86_64-fedora-clang, r-devel-linux-x86_64-fedora-gcc, r-patched-linux-x86_64, r-patched-solaris-x86, r-release-linux-x86_64, r-release-macos-x86_64

Version: 1.0.7
Check: package dependencies
Result: NOTE
    Packages which this enhances but not available for checking:
     'doMC', 'rPython'
Flavors: r-devel-windows-ix86+x86_64, r-release-windows-ix86+x86_64, r-oldrel-windows-ix86+x86_64