Last updated on 2020-12-31 00:46:37 CET.
Flavor | Version | Tinstall | Tcheck | Ttotal | Status | Flags |
---|---|---|---|---|---|---|
r-devel-linux-x86_64-debian-clang | 1.0 | 31.29 | 284.02 | 315.31 | NOTE | |
r-devel-linux-x86_64-debian-gcc | 1.0 | 25.49 | 207.48 | 232.97 | NOTE | |
r-devel-linux-x86_64-fedora-clang | 1.0 | 375.94 | NOTE | |||
r-devel-linux-x86_64-fedora-gcc | 1.0 | 370.02 | NOTE | |||
r-devel-windows-ix86+x86_64 | 1.0 | 66.00 | 285.00 | 351.00 | NOTE | |
r-patched-linux-x86_64 | 1.0 | 28.30 | 260.62 | 288.92 | NOTE | |
r-patched-solaris-x86 | 1.0 | 516.10 | NOTE | |||
r-release-linux-x86_64 | 1.0 | 28.13 | 264.88 | 293.01 | NOTE | |
r-release-macos-x86_64 | 1.0 | NOTE | ||||
r-release-windows-ix86+x86_64 | 1.0 | 67.00 | 326.00 | 393.00 | NOTE | |
r-oldrel-macos-x86_64 | 1.0 | WARN | ||||
r-oldrel-windows-ix86+x86_64 | 1.0 | 40.00 | 228.00 | 268.00 | NOTE |
Version: 1.0
Check: R code for possible problems
Result: NOTE
extractAffybatch: no visible global function definition for 'new'
Undefined global functions or variables:
new
Consider adding
importFrom("methods", "new")
to your NAMESPACE file (and ensure that your DESCRIPTION Imports field
contains 'methods').
Flavors: r-devel-linux-x86_64-debian-clang, r-devel-linux-x86_64-debian-gcc, r-devel-linux-x86_64-fedora-clang, r-devel-linux-x86_64-fedora-gcc, r-devel-windows-ix86+x86_64, r-patched-linux-x86_64, r-patched-solaris-x86, r-release-linux-x86_64, r-release-macos-x86_64, r-release-windows-ix86+x86_64, r-oldrel-macos-x86_64, r-oldrel-windows-ix86+x86_64
Version: 1.0
Check: package dependencies
Result: NOTE
Package suggested but not available for checking: ‘ArrayExpress’
Flavors: r-release-macos-x86_64, r-oldrel-macos-x86_64
Version: 1.0
Check: whether package can be installed
Result: WARN
Found the following significant warnings:
Warning: package ‘BiocParallel’ was built under R version 3.6.1
Flavor: r-oldrel-macos-x86_64