CRAN Package Check Results for Package autoFRK

Last updated on 2020-12-31 00:46:37 CET.

Flavor Version Tinstall Tcheck Ttotal Status Flags
r-devel-linux-x86_64-debian-clang 1.3.3 65.33 107.86 173.19 OK
r-devel-linux-x86_64-debian-gcc 1.3.3 49.11 81.65 130.76 OK
r-devel-linux-x86_64-fedora-clang 1.3.3 226.94 NOTE
r-devel-linux-x86_64-fedora-gcc 1.3.3 216.50 OK
r-devel-windows-ix86+x86_64 1.3.3 134.00 159.00 293.00 OK
r-patched-linux-x86_64 1.3.3 53.25 99.61 152.86 OK
r-patched-solaris-x86 1.3.3 240.80 OK
r-release-linux-x86_64 1.3.3 53.48 101.65 155.13 OK
r-release-macos-x86_64 1.3.3 NOTE
r-release-windows-ix86+x86_64 1.3.3 137.00 181.00 318.00 OK
r-oldrel-macos-x86_64 1.3.3 NOTE
r-oldrel-windows-ix86+x86_64 1.3.3 87.00 118.00 205.00 OK

Check Details

Version: 1.3.3
Check: installed package size
Result: NOTE
     installed size is 16.7Mb
     sub-directories of 1Mb or more:
     libs 16.4Mb
Flavors: r-devel-linux-x86_64-fedora-clang, r-release-macos-x86_64, r-oldrel-macos-x86_64