CRAN Package Check Results for Package ashr

Last updated on 2020-12-31 00:46:37 CET.

Flavor Version Tinstall Tcheck Ttotal Status Flags
r-devel-linux-x86_64-debian-clang 2.2-47 35.11 218.35 253.46 OK
r-devel-linux-x86_64-debian-gcc 2.2-47 21.44 139.42 160.86 OK
r-devel-linux-x86_64-fedora-clang 2.2-47 283.24 OK
r-devel-linux-x86_64-fedora-gcc 2.2-47 260.95 OK
r-devel-windows-ix86+x86_64 2.2-47 67.00 335.00 402.00 OK
r-patched-linux-x86_64 2.2-47 28.58 191.20 219.78 OK
r-patched-solaris-x86 2.2-47 364.40 NOTE
r-release-linux-x86_64 2.2-47 27.19 186.68 213.87 OK
r-release-macos-x86_64 2.2-47 OK
r-release-windows-ix86+x86_64 2.2-47 66.00 399.00 465.00 OK
r-oldrel-macos-x86_64 2.2-47 OK
r-oldrel-windows-ix86+x86_64 2.2-47 47.00 304.00 351.00 NOTE

Check Details

Version: 2.2-47
Check: package dependencies
Result: NOTE
    Package suggested but not available for checking: ‘REBayes’
Flavors: r-patched-solaris-x86, r-oldrel-windows-ix86+x86_64