Last updated on 2020-12-31 00:46:36 CET.
Flavor | Version | Tinstall | Tcheck | Ttotal | Status | Flags |
---|---|---|---|---|---|---|
r-devel-linux-x86_64-debian-clang | 1.0.3 | 12.00 | 212.50 | 224.50 | OK | |
r-devel-linux-x86_64-debian-gcc | 1.0.3 | 12.38 | 154.90 | 167.28 | OK | |
r-devel-linux-x86_64-fedora-clang | 1.0.3 | 272.08 | NOTE | |||
r-devel-linux-x86_64-fedora-gcc | 1.0.3 | 265.25 | NOTE | |||
r-devel-windows-ix86+x86_64 | 1.0.3 | 25.00 | 235.00 | 260.00 | NOTE | |
r-patched-linux-x86_64 | 1.0.3 | 9.51 | 202.14 | 211.65 | OK | |
r-patched-solaris-x86 | 1.0.3 | 333.80 | NOTE | |||
r-release-linux-x86_64 | 1.0.3 | 9.46 | 201.86 | 211.32 | OK | |
r-release-macos-x86_64 | 1.0.3 | NOTE | ||||
r-release-windows-ix86+x86_64 | 1.0.3 | 26.00 | 273.00 | 299.00 | NOTE | |
r-oldrel-macos-x86_64 | 1.0.3 | NOTE | ||||
r-oldrel-windows-ix86+x86_64 | 1.0.3 | 14.00 | 196.00 | 210.00 | NOTE |
Version: 1.0.3
Check: installed package size
Result: NOTE
installed size is 9.7Mb
sub-directories of 1Mb or more:
extdata 8.4Mb
Flavors: r-devel-linux-x86_64-fedora-clang, r-devel-windows-ix86+x86_64, r-patched-solaris-x86, r-release-macos-x86_64, r-release-windows-ix86+x86_64, r-oldrel-macos-x86_64, r-oldrel-windows-ix86+x86_64
Version: 1.0.3
Check: dependencies in R code
Result: NOTE
Namespace in Imports field not imported from: ‘rgdal’
All declared Imports should be used.
Flavors: r-devel-linux-x86_64-fedora-clang, r-devel-linux-x86_64-fedora-gcc, r-patched-solaris-x86, r-release-macos-x86_64, r-oldrel-macos-x86_64