Last updated on 2020-12-31 00:46:36 CET.
Flavor | Version | Tinstall | Tcheck | Ttotal | Status | Flags |
---|---|---|---|---|---|---|
r-devel-linux-x86_64-debian-clang | 0.6-2.1 | 10.50 | 37.79 | 48.29 | OK | |
r-devel-linux-x86_64-debian-gcc | 0.6-2.1 | 9.02 | 29.35 | 38.37 | OK | |
r-devel-linux-x86_64-fedora-clang | 0.6-2.1 | 69.05 | NOTE | |||
r-devel-linux-x86_64-fedora-gcc | 0.6-2.1 | 60.45 | OK | |||
r-devel-windows-ix86+x86_64 | 0.6-2.1 | 32.00 | 60.00 | 92.00 | OK | |
r-patched-linux-x86_64 | 0.6-2.1 | 10.05 | 36.67 | 46.72 | OK | |
r-patched-solaris-x86 | 0.6-2.1 | 79.80 | OK | |||
r-release-linux-x86_64 | 0.6-2.1 | 9.79 | 36.84 | 46.63 | OK | |
r-release-macos-x86_64 | 0.6-2.1 | OK | ||||
r-release-windows-ix86+x86_64 | 0.6-2.1 | 32.00 | 54.00 | 86.00 | OK | |
r-oldrel-macos-x86_64 | 0.6-2.1 | OK | ||||
r-oldrel-windows-ix86+x86_64 | 0.6-2.1 | 26.00 | 54.00 | 80.00 | OK |
Version: 0.6-2.1
Check: Rd cross-references
Result: NOTE
Undeclared package ‘tripack’ in Rd xrefs
Flavor: r-devel-linux-x86_64-fedora-clang