CRAN Package Check Results for Package afCEC

Last updated on 2020-12-31 00:46:36 CET.

Flavor Version Tinstall Tcheck Ttotal Status Flags
r-devel-linux-x86_64-debian-clang 1.0.2 53.28 43.55 96.83 OK
r-devel-linux-x86_64-debian-gcc 1.0.2 39.41 34.69 74.10 OK
r-devel-linux-x86_64-fedora-clang 1.0.2 136.07 OK
r-devel-linux-x86_64-fedora-gcc 1.0.2 123.45 OK
r-devel-windows-ix86+x86_64 1.0.2 116.00 89.00 205.00 OK
r-patched-linux-x86_64 1.0.2 42.24 42.34 84.58 OK
r-patched-solaris-x86 1.0.2 141.40 OK
r-release-linux-x86_64 1.0.2 46.13 42.49 88.62 OK
r-release-macos-x86_64 1.0.2 OK
r-release-windows-ix86+x86_64 1.0.2 114.00 98.00 212.00 OK
r-oldrel-macos-x86_64 1.0.2 WARN
r-oldrel-windows-ix86+x86_64 1.0.2 75.00 66.00 141.00 OK

Check Details

Version: 1.0.2
Check: whether package can be installed
Result: WARN
    Found the following significant warnings:
     Warning: 'rgl_init' failed, running with rgl.useNULL = TRUE
Flavor: r-oldrel-macos-x86_64