CRAN Package Check Results for Package adjclust

Last updated on 2020-12-31 00:46:36 CET.

Flavor Version Tinstall Tcheck Ttotal Status Flags
r-devel-linux-x86_64-debian-clang 0.5.99 10.17 142.12 152.29 OK
r-devel-linux-x86_64-debian-gcc 0.5.99 7.82 108.65 116.47 OK
r-devel-linux-x86_64-fedora-clang 0.5.99 188.63 OK
r-devel-linux-x86_64-fedora-gcc 0.5.99 181.68 OK
r-devel-windows-ix86+x86_64 0.5.99 23.00 210.00 233.00 OK
r-patched-linux-x86_64 0.5.99 8.98 134.65 143.63 OK
r-patched-solaris-x86 0.5.99 274.40 OK
r-release-linux-x86_64 0.5.99 10.07 134.56 144.63 OK
r-release-macos-x86_64 0.5.99 NOTE
r-release-windows-ix86+x86_64 0.5.99 24.00 176.00 200.00 OK
r-oldrel-macos-x86_64 0.5.99 NOTE
r-oldrel-windows-ix86+x86_64 0.5.99 15.00 172.00 187.00 OK

Check Details

Version: 0.5.99
Check: package dependencies
Result: NOTE
    Package suggested but not available for checking: ‘HiTC’
Flavors: r-release-macos-x86_64, r-oldrel-macos-x86_64