Last updated on 2020-12-31 00:46:36 CET.
Flavor | Version | Tinstall | Tcheck | Ttotal | Status | Flags |
---|---|---|---|---|---|---|
r-devel-linux-x86_64-debian-clang | 1.4.1 | 3.88 | 21.92 | 25.80 | OK | |
r-devel-linux-x86_64-debian-gcc | 1.4.1 | 3.38 | 17.22 | 20.60 | OK | |
r-devel-linux-x86_64-fedora-clang | 1.4.1 | 40.95 | NOTE | |||
r-devel-linux-x86_64-fedora-gcc | 1.4.1 | 31.88 | NOTE | |||
r-devel-windows-ix86+x86_64 | 1.4.1 | 12.00 | 46.00 | 58.00 | OK | |
r-patched-linux-x86_64 | 1.4.1 | 3.50 | 21.01 | 24.51 | OK | |
r-patched-solaris-x86 | 1.4.1 | 47.80 | OK | |||
r-release-linux-x86_64 | 1.4.1 | 3.51 | 21.31 | 24.82 | OK | |
r-release-macos-x86_64 | 1.4.1 | OK | ||||
r-release-windows-ix86+x86_64 | 1.4.1 | 12.00 | 36.00 | 48.00 | OK | |
r-oldrel-macos-x86_64 | 1.4.1 | OK | ||||
r-oldrel-windows-ix86+x86_64 | 1.4.1 | 9.00 | 34.00 | 43.00 | OK |
Version: 1.4.1
Check: compiled code
Result: NOTE
File ‘acepack/libs/acepack.so’:
Found no calls to: ‘R_registerRoutines’, ‘R_useDynamicSymbols’
It is good practice to register native routines and to disable symbol
search.
See ‘Writing portable packages’ in the ‘Writing R Extensions’ manual.
Flavors: r-devel-linux-x86_64-fedora-clang, r-devel-linux-x86_64-fedora-gcc