Last updated on 2020-12-31 00:46:37 CET.
Flavor | Version | Tinstall | Tcheck | Ttotal | Status | Flags |
---|---|---|---|---|---|---|
r-devel-linux-x86_64-debian-clang | 0.1 | 5.07 | 49.23 | 54.30 | OK | |
r-devel-linux-x86_64-debian-gcc | 0.1 | 4.02 | 36.83 | 40.85 | OK | |
r-devel-linux-x86_64-fedora-clang | 0.1 | 74.59 | NOTE | |||
r-devel-linux-x86_64-fedora-gcc | 0.1 | 63.29 | NOTE | |||
r-devel-windows-ix86+x86_64 | 0.1 | 13.00 | 66.00 | 79.00 | OK | |
r-patched-linux-x86_64 | 0.1 | 4.78 | 46.19 | 50.97 | OK | |
r-patched-solaris-x86 | 0.1 | 83.70 | NOTE | |||
r-release-linux-x86_64 | 0.1 | 4.96 | 46.17 | 51.13 | OK | |
r-release-macos-x86_64 | 0.1 | NOTE | ||||
r-release-windows-ix86+x86_64 | 0.1 | 12.00 | 56.00 | 68.00 | OK | |
r-oldrel-macos-x86_64 | 0.1 | NOTE | ||||
r-oldrel-windows-ix86+x86_64 | 0.1 | 6.00 | 51.00 | 57.00 | OK |
Version: 0.1
Check: dependencies in R code
Result: NOTE
Namespaces in Imports field not imported from:
‘devtools’ ‘gridExtra’
All declared Imports should be used.
Flavors: r-devel-linux-x86_64-fedora-clang, r-devel-linux-x86_64-fedora-gcc, r-patched-solaris-x86, r-release-macos-x86_64, r-oldrel-macos-x86_64