CRAN Package Check Results for Package ZVCV

Last updated on 2020-12-31 00:47:02 CET.

Flavor Version Tinstall Tcheck Ttotal Status Flags
r-devel-linux-x86_64-debian-clang 2.1.0 130.91 93.15 224.06 OK
r-devel-linux-x86_64-debian-gcc 2.1.0 86.37 69.19 155.56 OK
r-devel-linux-x86_64-fedora-clang 2.1.0 307.15 NOTE
r-devel-linux-x86_64-fedora-gcc 2.1.0 268.61 OK
r-devel-windows-ix86+x86_64 2.1.0 263.00 161.00 424.00 OK
r-patched-linux-x86_64 2.1.0 100.20 84.85 185.05 OK
r-patched-solaris-x86 2.1.0 271.20 OK
r-release-linux-x86_64 2.1.0 99.60 85.36 184.96 OK
r-release-macos-x86_64 2.1.0 NOTE
r-release-windows-ix86+x86_64 2.1.0 265.00 170.00 435.00 OK
r-oldrel-macos-x86_64 2.1.0 NOTE
r-oldrel-windows-ix86+x86_64 2.1.0 169.00 104.00 273.00 OK

Check Details

Version: 2.1.0
Check: installed package size
Result: NOTE
     installed size is 11.7Mb
     sub-directories of 1Mb or more:
     libs 11.4Mb
Flavors: r-devel-linux-x86_64-fedora-clang, r-release-macos-x86_64, r-oldrel-macos-x86_64