Last updated on 2020-12-31 00:47:02 CET.
Flavor | Version | Tinstall | Tcheck | Ttotal | Status | Flags |
---|---|---|---|---|---|---|
r-devel-linux-x86_64-debian-clang | 0.0.1 | 260.65 | 147.64 | 408.29 | NOTE | |
r-devel-linux-x86_64-debian-gcc | 0.0.1 | 213.50 | 119.04 | 332.54 | NOTE | |
r-devel-linux-x86_64-fedora-clang | 0.0.1 | 541.27 | NOTE | |||
r-devel-linux-x86_64-fedora-gcc | 0.0.1 | 561.38 | NOTE | |||
r-devel-windows-ix86+x86_64 | 0.0.1 | 549.00 | 293.00 | 842.00 | NOTE | |
r-patched-linux-x86_64 | 0.0.1 | 189.96 | 153.28 | 343.24 | NOTE | |
r-patched-solaris-x86 | 0.0.1 | 573.00 | NOTE | |||
r-release-linux-x86_64 | 0.0.1 | 178.42 | 156.86 | 335.28 | NOTE | |
r-release-macos-x86_64 | 0.0.1 | NOTE | ||||
r-release-windows-ix86+x86_64 | 0.0.1 | 575.00 | 327.00 | 902.00 | NOTE | |
r-oldrel-macos-x86_64 | 0.0.1 | NOTE | ||||
r-oldrel-windows-ix86+x86_64 | 0.0.1 | 352.00 | 229.00 | 581.00 | NOTE |
Version: 0.0.1
Check: for GNU extensions in Makefiles
Result: NOTE
GNU make is a SystemRequirements.
Flavors: r-devel-linux-x86_64-debian-clang, r-devel-linux-x86_64-debian-gcc, r-devel-linux-x86_64-fedora-clang, r-devel-linux-x86_64-fedora-gcc, r-devel-windows-ix86+x86_64, r-patched-linux-x86_64, r-patched-solaris-x86, r-release-linux-x86_64, r-release-macos-x86_64, r-release-windows-ix86+x86_64, r-oldrel-macos-x86_64, r-oldrel-windows-ix86+x86_64
Version: 0.0.1
Check: installed package size
Result: NOTE
installed size is 48.5Mb
sub-directories of 1Mb or more:
libs 48.1Mb
Flavors: r-devel-linux-x86_64-fedora-clang, r-devel-windows-ix86+x86_64, r-release-macos-x86_64, r-release-windows-ix86+x86_64, r-oldrel-macos-x86_64, r-oldrel-windows-ix86+x86_64
Version: 0.0.1
Check: dependencies in R code
Result: NOTE
Namespace in Imports field not imported from: ‘rstantools’
All declared Imports should be used.
Flavors: r-devel-linux-x86_64-fedora-clang, r-devel-linux-x86_64-fedora-gcc, r-patched-solaris-x86, r-release-macos-x86_64, r-oldrel-macos-x86_64