CRAN Package Check Results for Package WinRatio

Last updated on 2020-12-31 00:47:02 CET.

Flavor Version Tinstall Tcheck Ttotal Status Flags
r-devel-linux-x86_64-debian-clang 1.0 28.05 75.25 103.30 OK
r-devel-linux-x86_64-debian-gcc 1.0 18.35 54.82 73.17 OK
r-devel-linux-x86_64-fedora-clang 1.0 137.11 OK
r-devel-linux-x86_64-fedora-gcc 1.0 120.64 OK
r-devel-windows-ix86+x86_64 1.0 65.00 125.00 190.00 OK
r-patched-linux-x86_64 1.0 22.08 69.53 91.61 OK
r-patched-solaris-x86 1.0 159.20 OK
r-release-linux-x86_64 1.0 21.24 69.10 90.34 OK
r-release-macos-x86_64 1.0 OK
r-release-windows-ix86+x86_64 1.0 67.00 138.00 205.00 OK
r-oldrel-macos-x86_64 1.0 ERROR

Check Details

Version: 1.0
Check: whether package can be installed
Result: ERROR
    Installation failed.
Flavor: r-oldrel-macos-x86_64