CRAN Package Check Results for Package VarSelLCM

Last updated on 2020-12-31 00:47:02 CET.

Flavor Version Tinstall Tcheck Ttotal Status Flags
r-devel-linux-x86_64-debian-clang 2.1.3.1 327.02 151.68 478.70 OK
r-devel-linux-x86_64-debian-gcc 2.1.3.1 214.11 98.81 312.92 OK
r-devel-linux-x86_64-fedora-clang 2.1.3.1 673.98 NOTE
r-devel-linux-x86_64-fedora-gcc 2.1.3.1 582.78 OK
r-devel-windows-ix86+x86_64 2.1.3.1 750.00 229.00 979.00 OK
r-patched-linux-x86_64 2.1.3.1 250.22 125.44 375.66 OK
r-patched-solaris-x86 2.1.3.1 597.30 OK
r-release-linux-x86_64 2.1.3.1 251.90 126.75 378.65 OK
r-release-macos-x86_64 2.1.3.1 NOTE
r-release-windows-ix86+x86_64 2.1.3.1 759.00 259.00 1018.00 OK
r-oldrel-macos-x86_64 2.1.3.1 NOTE
r-oldrel-windows-ix86+x86_64 2.1.3.1 494.00 179.00 673.00 OK

Check Details

Version: 2.1.3.1
Check: installed package size
Result: NOTE
     installed size is 11.7Mb
     sub-directories of 1Mb or more:
     libs 10.9Mb
Flavors: r-devel-linux-x86_64-fedora-clang, r-release-macos-x86_64, r-oldrel-macos-x86_64