Last updated on 2020-12-31 00:47:01 CET.
Flavor | Version | Tinstall | Tcheck | Ttotal | Status | Flags |
---|---|---|---|---|---|---|
r-devel-linux-x86_64-debian-clang | 3.4.0 | 26.92 | 38.41 | 65.33 | OK | |
r-devel-linux-x86_64-debian-gcc | 3.4.0 | 16.96 | 30.07 | 47.03 | OK | |
r-devel-linux-x86_64-fedora-gcc | 3.4.0 | 81.42 | NOTE | |||
r-devel-windows-ix86+x86_64 | 3.4.0 | 108.00 | 201.00 | 309.00 | NOTE | |
r-patched-linux-x86_64 | 3.4.0 | 19.43 | 36.68 | 56.11 | OK | |
r-patched-solaris-x86 | 3.4.0 | 93.90 | OK | |||
r-release-linux-x86_64 | 3.4.0 | 21.06 | 36.68 | 57.74 | OK | |
r-release-macos-x86_64 | 3.4.0 | NOTE | ||||
r-release-windows-ix86+x86_64 | 3.4.0 | 110.00 | 204.00 | 314.00 | NOTE | |
r-oldrel-macos-x86_64 | 3.4.0 | NOTE | ||||
r-oldrel-windows-ix86+x86_64 | 3.4.0 | 83.00 | 159.00 | 242.00 | NOTE |
Version: 3.4.0
Check: top-level files
Result: NOTE
possible bashism in configure line 51 ('command' with option other than -p):
if [ `command -v brew` ] && [ -z "$DOWNLOAD_STATIC_LIBV8" ]; then
Flavor: r-devel-linux-x86_64-fedora-gcc
Version: 3.4.0
Check: installed package size
Result: NOTE
installed size is 25.1Mb
sub-directories of 1Mb or more:
doc 1.8Mb
libs 23.2Mb
Flavors: r-devel-windows-ix86+x86_64, r-release-macos-x86_64, r-release-windows-ix86+x86_64, r-oldrel-macos-x86_64, r-oldrel-windows-ix86+x86_64