CRAN Package Check Results for Package TruncatedNormal

Last updated on 2020-12-31 00:47:01 CET.

Flavor Version Tinstall Tcheck Ttotal Status Flags
r-devel-linux-x86_64-debian-clang 2.2 51.74 191.38 243.12 OK
r-devel-linux-x86_64-debian-gcc 2.2 34.87 144.49 179.36 OK
r-devel-linux-x86_64-fedora-clang 2.2 309.71 NOTE
r-devel-linux-x86_64-fedora-gcc 2.2 292.55 OK
r-devel-windows-ix86+x86_64 2.2 113.00 258.00 371.00 OK
r-patched-linux-x86_64 2.2 38.85 185.86 224.71 OK
r-patched-solaris-x86 2.2 687.40 OK
r-release-linux-x86_64 2.2 37.18 183.01 220.19 OK
r-release-macos-x86_64 2.2 OK
r-release-windows-ix86+x86_64 2.2 115.00 305.00 420.00 OK
r-oldrel-macos-x86_64 2.2 OK
r-oldrel-windows-ix86+x86_64 2.2 74.00 222.00 296.00 OK

Check Details

Version: 2.2
Check: Rd cross-references
Result: NOTE
    Undeclared package ‘carData’ in Rd xrefs
Flavor: r-devel-linux-x86_64-fedora-clang