CRAN Package Check Results for Package TSDFGS

Last updated on 2020-12-31 00:47:01 CET.

Flavor Version Tinstall Tcheck Ttotal Status Flags
r-devel-linux-x86_64-debian-clang 1.0 37.11 30.51 67.62 OK
r-devel-linux-x86_64-debian-gcc 1.0 23.09 25.00 48.09 OK
r-devel-linux-x86_64-fedora-clang 1.0 95.22 NOTE
r-devel-linux-x86_64-fedora-gcc 1.0 81.35 OK
r-devel-windows-ix86+x86_64 1.0 75.00 70.00 145.00 OK
r-patched-linux-x86_64 1.0 25.93 30.41 56.34 OK
r-patched-solaris-x86 1.0 92.00 OK
r-release-linux-x86_64 1.0 26.67 30.38 57.05 OK
r-release-macos-x86_64 1.0 NOTE
r-release-windows-ix86+x86_64 1.0 78.00 74.00 152.00 OK
r-oldrel-macos-x86_64 1.0 NOTE
r-oldrel-windows-ix86+x86_64 1.0 49.00 50.00 99.00 OK

Check Details

Version: 1.0
Check: installed package size
Result: NOTE
     installed size is 9.1Mb
     sub-directories of 1Mb or more:
     data 1.2Mb
     libs 7.7Mb
Flavors: r-devel-linux-x86_64-fedora-clang, r-release-macos-x86_64, r-oldrel-macos-x86_64

Version: 1.0
Check: Rd cross-references
Result: NOTE
    Undeclared package ‘STPGA’ in Rd xrefs
Flavor: r-devel-linux-x86_64-fedora-clang