Last updated on 2020-12-31 00:47:00 CET.
Flavor | Version | Tinstall | Tcheck | Ttotal | Status | Flags |
---|---|---|---|---|---|---|
r-devel-linux-x86_64-debian-clang | 1.0.1 | 4.82 | 34.64 | 39.46 | OK | |
r-devel-linux-x86_64-debian-gcc | 1.0.1 | 3.68 | 26.51 | 30.19 | OK | |
r-devel-linux-x86_64-fedora-clang | 1.0.1 | 55.38 | NOTE | |||
r-devel-linux-x86_64-fedora-gcc | 1.0.1 | 46.66 | NOTE | |||
r-devel-windows-ix86+x86_64 | 1.0.1 | 8.00 | 45.00 | 53.00 | OK | |
r-patched-linux-x86_64 | 1.0.1 | 3.81 | 32.89 | 36.70 | OK | |
r-patched-solaris-x86 | 1.0.1 | 68.50 | NOTE | |||
r-release-linux-x86_64 | 1.0.1 | 3.99 | 33.05 | 37.04 | OK | |
r-release-macos-x86_64 | 1.0.1 | NOTE | ||||
r-release-windows-ix86+x86_64 | 1.0.1 | 9.00 | 36.00 | 45.00 | OK | |
r-oldrel-macos-x86_64 | 1.0.1 | NOTE | ||||
r-oldrel-windows-ix86+x86_64 | 1.0.1 | 5.00 | 33.00 | 38.00 | OK |
Version: 1.0.1
Check: dependencies in R code
Result: NOTE
Namespace in Imports field not imported from: ‘ggm’
All declared Imports should be used.
Flavors: r-devel-linux-x86_64-fedora-clang, r-devel-linux-x86_64-fedora-gcc, r-patched-solaris-x86, r-release-macos-x86_64, r-oldrel-macos-x86_64