CRAN Package Check Results for Package TDA

Last updated on 2020-12-31 00:47:00 CET.

Flavor Version Tinstall Tcheck Ttotal Status Flags
r-devel-linux-x86_64-debian-clang 1.6.9 132.28 94.33 226.61 OK
r-devel-linux-x86_64-debian-gcc 1.6.9 102.28 71.83 174.11 OK
r-devel-linux-x86_64-fedora-clang 1.6.9 300.48 NOTE
r-devel-linux-x86_64-fedora-gcc 1.6.9 294.29 NOTE
r-devel-windows-ix86+x86_64 1.6.9 234.00 171.00 405.00 NOTE
r-patched-linux-x86_64 1.6.9 118.00 93.16 211.16 OK
r-patched-solaris-x86 1.6.9 291.80 NOTE
r-release-linux-x86_64 1.6.9 116.68 91.56 208.24 WARN
r-release-macos-x86_64 1.6.9 NOTE
r-release-windows-ix86+x86_64 1.6.9 237.00 186.00 423.00 NOTE
r-oldrel-macos-x86_64 1.6.9 NOTE
r-oldrel-windows-ix86+x86_64 1.6.9 164.00 133.00 297.00 OK

Additional issues

clang-UBSAN

Check Details

Version: 1.6.9
Check: installed package size
Result: NOTE
     installed size is 32.3Mb
     sub-directories of 1Mb or more:
     libs 31.0Mb
Flavors: r-devel-linux-x86_64-fedora-clang, r-devel-windows-ix86+x86_64, r-release-macos-x86_64, r-release-windows-ix86+x86_64, r-oldrel-macos-x86_64

Version: 1.6.9
Check: dependencies in R code
Result: NOTE
    Namespace in Imports field not imported from: ‘scales’
     All declared Imports should be used.
Flavors: r-devel-linux-x86_64-fedora-clang, r-devel-linux-x86_64-fedora-gcc, r-patched-solaris-x86, r-release-macos-x86_64, r-oldrel-macos-x86_64

Version: 1.6.9
Check: re-building of vignette outputs
Result: WARN
    Error(s) in re-building vignettes:
     ...
    --- re-building ‘article.Rnw’ using Sweave
    Error: processing vignette 'article.Rnw' failed with diagnostics:
    Running ‘texi2dvi’ on ‘article.tex’ failed.
    LaTeX errors:
    ! Undefined control sequence.
    \hyper@linkurl ...tionraw >>}\relax \Hy@colorlink
     \@urlcolor #1\Hy@xspace@en...
    l.149 \begin{document}
    
    ! Undefined control sequence.
    \close@pdflink ->\Hy@endcolorlink
     \Hy@VerboseLinkStop \pdfendlink
    l.149 \begin{document}
    
    ! Undefined control sequence.
    \hyper@linkurl ...tionraw >>}\relax \Hy@colorlink
     \@urlcolor #1\Hy@xspace@en...
    l.149 \begin{document}
    
    ! Undefined control sequence.
    \close@pdflink ->\Hy@endcolorlink
     \Hy@VerboseLinkStop \pdfendlink
    l.149 \begin{document}
    
    ! Undefined control sequence.
    \hyper@linkurl ...tionraw >>}\relax \Hy@colorlink
     \@urlcolor #1\Hy@xspace@en...
    l.149 \begin{document}
    
    ! Undefined control sequence.
    \close@pdflink ->\Hy@endcolorlink
     \Hy@VerboseLinkStop \pdfendlink
    l.149 \begin{document}
    
    ! Undefined control sequence.
    <recently read> \Hy@colorlink
    
    l.149 \begin{document}
    
    ! Undefined control sequence.
    \close@pdflink ->\Hy@endcolorlink
     \Hy@VerboseLinkStop \pdfendlink
    l.149 \begin{document}
    
    ! Undefined control sequence.
    <recently read> \Hy@colorlink
    
    l.149 \begin{document}
    
    ! Undefined control sequence.
    \close@pdflink ->\Hy@endcolorlink
     \Hy@VerboseLinkStop \pdfendlink
    l.149 \begin{document}
    
    ! Undefined control sequence.
    <recently read> \Hy@colorlink
    
    l.149 \begin{document}
    
    ! Undefined control sequence.
    \close@pdflink ->\Hy@endcolorlink
     \Hy@VerboseLinkStop \pdfendlink
    l.149 \begin{document}
    
    ! Undefined control sequence.
    <recently read> \Hy@colorlink
    
    l.149 \begin{document}
    
    ! Undefined control sequence.
    \close@pdflink ->\Hy@endcolorlink
     \Hy@VerboseLinkStop \pdfendlink
    l.149 \begin{document}
    
    ! Undefined control sequence.
    <recently read> \Hy@colorlink
    
    l.149 \begin{document}
    
    ! Undefined control sequence.
    \close@pdflink ->\Hy@endcolorlink
     \Hy@VerboseLinkStop \pdfendlink
    l.149 \begin{document}
    
    ! Undefined control sequence.
    <recently read> \Hy@colorlink
    
    l.149 \begin{document}
    
    ! Undefined control sequence.
    \close@pdflink ->\Hy@endcolorlink
     \Hy@VerboseLinkStop \pdfendlink
    l.149 \begin{document}
    
    --- failed re-building ‘article.Rnw’
    
    SUMMARY: processing the following file failed:
     ‘article.Rnw’
    
    Error: Vignette re-building failed.
    Execution halted
Flavor: r-release-linux-x86_64