CRAN Package Check Results for Package TAG

Last updated on 2020-12-31 00:47:00 CET.

Flavor Version Tinstall Tcheck Ttotal Status Flags
r-devel-linux-x86_64-debian-clang 0.2.1 39.37 100.09 139.46 OK
r-devel-linux-x86_64-debian-gcc 0.2.1 26.67 77.48 104.15 OK
r-devel-linux-x86_64-fedora-clang 0.2.1 176.88 NOTE
r-devel-linux-x86_64-fedora-gcc 0.2.1 163.67 NOTE
r-devel-windows-ix86+x86_64 0.2.1 84.00 170.00 254.00 OK
r-patched-linux-x86_64 0.2.1 31.62 96.23 127.85 OK
r-patched-solaris-x86 0.2.1 223.50 NOTE
r-release-linux-x86_64 0.2.1 29.78 94.60 124.38 OK
r-release-macos-x86_64 0.2.1 NOTE
r-release-windows-ix86+x86_64 0.2.1 85.00 195.00 280.00 OK
r-oldrel-macos-x86_64 0.2.1 NOTE
r-oldrel-windows-ix86+x86_64 0.2.1 51.00 135.00 186.00 OK

Check Details

Version: 0.2.1
Check: dependencies in R code
Result: NOTE
    Namespace in Imports field not imported from: ‘foreach’
     All declared Imports should be used.
Flavors: r-devel-linux-x86_64-fedora-clang, r-devel-linux-x86_64-fedora-gcc, r-patched-solaris-x86, r-release-macos-x86_64, r-oldrel-macos-x86_64