CRAN Package Check Results for Package SurrogateRegression

Last updated on 2020-12-31 00:47:00 CET.

Flavor Version Tinstall Tcheck Ttotal Status Flags
r-devel-linux-x86_64-debian-clang 0.5.0 59.29 38.32 97.61 OK
r-devel-linux-x86_64-debian-gcc 0.5.0 35.49 30.21 65.70 OK
r-devel-linux-x86_64-fedora-clang 0.5.0 129.39 NOTE
r-devel-linux-x86_64-fedora-gcc 0.5.0 115.53 NOTE
r-devel-windows-ix86+x86_64 0.5.0 122.00 80.00 202.00 OK
r-patched-linux-x86_64 0.5.0 41.76 37.46 79.22 OK
r-patched-solaris-x86 0.5.0 119.30 NOTE
r-release-linux-x86_64 0.5.0 40.08 36.84 76.92 OK
r-release-macos-x86_64 0.5.0 NOTE
r-release-windows-ix86+x86_64 0.5.0 122.00 94.00 216.00 OK
r-oldrel-macos-x86_64 0.5.0 NOTE
r-oldrel-windows-ix86+x86_64 0.5.0 74.00 61.00 135.00 OK

Check Details

Version: 0.5.0
Check: dependencies in R code
Result: NOTE
    Namespace in Imports field not imported from: ‘plyr’
     All declared Imports should be used.
Flavors: r-devel-linux-x86_64-fedora-clang, r-devel-linux-x86_64-fedora-gcc, r-patched-solaris-x86, r-release-macos-x86_64, r-oldrel-macos-x86_64