Last updated on 2020-12-31 00:47:00 CET.
Flavor | Version | Tinstall | Tcheck | Ttotal | Status | Flags |
---|---|---|---|---|---|---|
r-devel-linux-x86_64-debian-clang | 0.0.4 | 3.62 | 25.10 | 28.72 | NOTE | |
r-devel-linux-x86_64-debian-gcc | 0.0.4 | 2.77 | 19.69 | 22.46 | NOTE | |
r-devel-linux-x86_64-fedora-clang | 0.0.4 | 44.09 | NOTE | |||
r-devel-linux-x86_64-fedora-gcc | 0.0.4 | 34.61 | NOTE | |||
r-devel-windows-ix86+x86_64 | 0.0.4 | 10.00 | 45.00 | 55.00 | NOTE | |
r-patched-linux-x86_64 | 0.0.4 | 3.54 | 24.24 | 27.78 | NOTE | |
r-patched-solaris-x86 | 0.0.4 | 51.80 | NOTE | |||
r-release-linux-x86_64 | 0.0.4 | 3.89 | 24.45 | 28.34 | NOTE | |
r-release-macos-x86_64 | 0.0.4 | NOTE | ||||
r-release-windows-ix86+x86_64 | 0.0.4 | 8.00 | 48.00 | 56.00 | NOTE | |
r-oldrel-macos-x86_64 | 0.0.4 | NOTE | ||||
r-oldrel-windows-ix86+x86_64 | 0.0.4 | 7.00 | 34.00 | 41.00 | NOTE |
Version: 0.0.4
Check: DESCRIPTION meta-information
Result: NOTE
Malformed Description field: should contain one or more complete sentences.
Flavors: r-devel-linux-x86_64-debian-clang, r-devel-linux-x86_64-debian-gcc, r-devel-linux-x86_64-fedora-clang, r-devel-linux-x86_64-fedora-gcc, r-devel-windows-ix86+x86_64, r-patched-linux-x86_64, r-patched-solaris-x86, r-release-linux-x86_64, r-release-macos-x86_64, r-release-windows-ix86+x86_64, r-oldrel-macos-x86_64, r-oldrel-windows-ix86+x86_64
Version: 0.0.4
Check: R code for possible problems
Result: NOTE
MCMCCV: no visible global function definition for 'rnorm'
MLCVGauss: no visible global function definition for 'runif'
MLCVGauss: no visible global function definition for 'optim'
SimSunderData: no visible global function definition for 'runif'
SimSunderData: no visible global function definition for 'dist'
SimSunderData: no visible global function definition for 'rnorm'
SimSunderData: no visible global function definition for 'qgamma'
SimSunderData: no visible global function definition for 'pnorm'
SimSunderData: no visible global function definition for 'rmultinom'
Undefined global functions or variables:
dist optim pnorm qgamma rmultinom rnorm runif
Consider adding
importFrom("stats", "dist", "optim", "pnorm", "qgamma", "rmultinom",
"rnorm", "runif")
to your NAMESPACE file.
Flavors: r-devel-linux-x86_64-debian-clang, r-devel-linux-x86_64-debian-gcc, r-devel-linux-x86_64-fedora-clang, r-devel-linux-x86_64-fedora-gcc, r-devel-windows-ix86+x86_64, r-patched-linux-x86_64, r-patched-solaris-x86, r-release-linux-x86_64, r-release-macos-x86_64, r-release-windows-ix86+x86_64, r-oldrel-macos-x86_64, r-oldrel-windows-ix86+x86_64
Version: 0.0.4
Check: compiled code
Result: NOTE
File ‘Sunder/libs/Sunder.so’:
Found no calls to: ‘R_registerRoutines’, ‘R_useDynamicSymbols’
It is good practice to register native routines and to disable symbol
search.
See ‘Writing portable packages’ in the ‘Writing R Extensions’ manual.
Flavors: r-devel-linux-x86_64-fedora-clang, r-devel-linux-x86_64-fedora-gcc