CRAN Package Check Results for Package SpatialTools

Last updated on 2020-12-31 00:46:59 CET.

Flavor Version Tinstall Tcheck Ttotal Status Flags
r-devel-linux-x86_64-debian-clang 1.0.4 93.34 72.23 165.57 OK
r-devel-linux-x86_64-debian-gcc 1.0.4 64.73 56.04 120.77 OK
r-devel-linux-x86_64-fedora-clang 1.0.4 234.40 NOTE
r-devel-linux-x86_64-fedora-gcc 1.0.4 213.15 OK
r-devel-windows-ix86+x86_64 1.0.4 213.00 125.00 338.00 OK
r-patched-linux-x86_64 1.0.4 79.49 68.24 147.73 OK
r-patched-solaris-x86 1.0.4 222.60 OK
r-release-linux-x86_64 1.0.4 74.00 68.22 142.22 OK
r-release-macos-x86_64 1.0.4 NOTE
r-release-windows-ix86+x86_64 1.0.4 216.00 142.00 358.00 OK
r-oldrel-macos-x86_64 1.0.4 OK
r-oldrel-windows-ix86+x86_64 1.0.4 142.00 89.00 231.00 OK

Check Details

Version: 1.0.4
Check: installed package size
Result: NOTE
     installed size is 6.3Mb
     sub-directories of 1Mb or more:
     libs 6.0Mb
Flavors: r-devel-linux-x86_64-fedora-clang, r-release-macos-x86_64