Last updated on 2020-12-31 00:46:59 CET.
Flavor | Version | Tinstall | Tcheck | Ttotal | Status | Flags |
---|---|---|---|---|---|---|
r-devel-linux-x86_64-debian-clang | 0.3 | 2.43 | 23.01 | 25.44 | NOTE | |
r-devel-linux-x86_64-debian-gcc | 0.3 | 1.86 | 18.03 | 19.89 | NOTE | |
r-devel-linux-x86_64-fedora-clang | 0.3 | 41.19 | NOTE | |||
r-devel-linux-x86_64-fedora-gcc | 0.3 | 31.59 | NOTE | |||
r-devel-windows-ix86+x86_64 | 0.3 | 7.00 | 34.00 | 41.00 | OK | |
r-patched-linux-x86_64 | 0.3 | 2.31 | 22.68 | 24.99 | NOTE | |
r-patched-solaris-x86 | 0.3 | 48.10 | NOTE | |||
r-release-linux-x86_64 | 0.3 | 2.47 | 22.65 | 25.12 | NOTE | |
r-release-macos-x86_64 | 0.3 | NOTE | ||||
r-release-windows-ix86+x86_64 | 0.3 | 7.00 | 30.00 | 37.00 | OK | |
r-oldrel-macos-x86_64 | 0.3 | NOTE | ||||
r-oldrel-windows-ix86+x86_64 | 0.3 | 4.00 | 27.00 | 31.00 | OK |
Version: 0.3
Check: package dependencies
Result: NOTE
Package suggested but not available for checking: 'INLA'
Flavors: r-devel-linux-x86_64-debian-clang, r-devel-linux-x86_64-debian-gcc, r-patched-linux-x86_64, r-patched-solaris-x86, r-release-linux-x86_64, r-release-macos-x86_64, r-oldrel-macos-x86_64
Version: 0.3
Check: dependencies in R code
Result: NOTE
Namespaces in Imports field not imported from:
‘RColorBrewer’ ‘SpatialEpi’ ‘dplyr’ ‘dygraphs’ ‘ggplot2’
‘htmlwidgets’ ‘knitr’ ‘leaflet’ ‘mapproj’ ‘maptools’ ‘rgdal’ ‘rgeos’
‘rmarkdown’ ‘shinyjs’ ‘spdep’ ‘xts’
All declared Imports should be used.
Flavors: r-devel-linux-x86_64-fedora-clang, r-devel-linux-x86_64-fedora-gcc, r-patched-solaris-x86, r-release-macos-x86_64, r-oldrel-macos-x86_64