CRAN Package Check Results for Package SpaTimeClus

Last updated on 2020-12-31 00:46:59 CET.

Flavor Version Tinstall Tcheck Ttotal Status Flags
r-devel-linux-x86_64-debian-clang 1.0.1 93.76 29.73 123.49 OK
r-devel-linux-x86_64-debian-gcc 1.0.1 60.35 23.32 83.67 OK
r-devel-linux-x86_64-fedora-clang 1.0.1 179.19 NOTE
r-devel-linux-x86_64-fedora-gcc 1.0.1 157.85 NOTE
r-devel-windows-ix86+x86_64 1.0.1 217.00 64.00 281.00 OK
r-patched-linux-x86_64 1.0.1 71.62 28.85 100.47 OK
r-patched-solaris-x86 1.0.1 158.70 OK
r-release-linux-x86_64 1.0.1 74.01 28.76 102.77 OK
r-release-macos-x86_64 1.0.1 OK
r-release-windows-ix86+x86_64 1.0.1 211.00 81.00 292.00 OK
r-oldrel-macos-x86_64 1.0.1 OK
r-oldrel-windows-ix86+x86_64 1.0.1 139.00 51.00 190.00 OK

Check Details

Version: 1.0.1
Check: installed package size
Result: NOTE
     installed size is 5.8Mb
     sub-directories of 1Mb or more:
     libs 5.6Mb
Flavor: r-devel-linux-x86_64-fedora-clang

Version: 1.0.1
Check: compiled code
Result: NOTE
    File ‘SpaTimeClus/libs/SpaTimeClus.so’:
     Found no calls to: ‘R_registerRoutines’, ‘R_useDynamicSymbols’
    
    It is good practice to register native routines and to disable symbol
    search.
    
    See ‘Writing portable packages’ in the ‘Writing R Extensions’ manual.
Flavors: r-devel-linux-x86_64-fedora-clang, r-devel-linux-x86_64-fedora-gcc