CRAN Package Check Results for Package SoupX

Last updated on 2020-12-31 00:46:59 CET.

Flavor Version Tinstall Tcheck Ttotal Status Flags
r-devel-linux-x86_64-debian-clang 1.4.8 30.64 276.20 306.84 OK
r-devel-linux-x86_64-debian-gcc 1.4.8 23.29 211.03 234.32 OK
r-devel-linux-x86_64-fedora-clang 1.4.8 368.72 WARN
r-devel-linux-x86_64-fedora-gcc 1.4.8 363.52 NOTE
r-devel-windows-ix86+x86_64 1.4.8 60.00 289.00 349.00 NOTE
r-patched-linux-x86_64 1.4.8 20.01 259.87 279.88 OK
r-patched-solaris-x86 1.4.8 532.40 NOTE
r-release-linux-x86_64 1.4.8 19.83 260.85 280.68 OK
r-release-macos-x86_64 1.4.8 NOTE
r-release-windows-ix86+x86_64 1.4.8 60.00 351.00 411.00 NOTE
r-oldrel-macos-x86_64 1.4.8 NOTE
r-oldrel-windows-ix86+x86_64 1.4.8 39.00 241.00 280.00 NOTE

Check Details

Version: 1.4.8
Check: package dependencies
Result: WARN
    Package suggested but not available for checking: ‘DropletUtils’
    
    Requires (indirectly) orphaned package: ‘plotly’
Flavor: r-devel-linux-x86_64-fedora-clang

Version: 1.4.8
Check: installed package size
Result: NOTE
     installed size is 11.7Mb
     sub-directories of 1Mb or more:
     data 9.8Mb
     doc 1.1Mb
Flavors: r-devel-linux-x86_64-fedora-clang, r-devel-windows-ix86+x86_64, r-patched-solaris-x86, r-release-macos-x86_64, r-release-windows-ix86+x86_64, r-oldrel-macos-x86_64, r-oldrel-windows-ix86+x86_64

Version: 1.4.8
Check: package dependencies
Result: NOTE
    Package suggested but not available for checking: ‘DropletUtils’
Flavors: r-devel-linux-x86_64-fedora-gcc, r-patched-solaris-x86, r-release-macos-x86_64, r-oldrel-macos-x86_64