CRAN Package Check Results for Package SmartSVA

Last updated on 2020-12-31 00:46:58 CET.

Flavor Version Tinstall Tcheck Ttotal Status Flags
r-devel-linux-x86_64-debian-clang 0.1.3 46.68 194.71 241.39 OK
r-devel-linux-x86_64-debian-gcc 0.1.3 31.58 146.64 178.22 OK
r-devel-linux-x86_64-fedora-clang 0.1.3 300.16 OK
r-devel-linux-x86_64-fedora-gcc 0.1.3 290.87 OK
r-devel-windows-ix86+x86_64 0.1.3 109.00 270.00 379.00 OK
r-patched-linux-x86_64 0.1.3 37.48 181.09 218.57 OK
r-patched-solaris-x86 0.1.3 388.60 OK
r-release-linux-x86_64 0.1.3 37.82 185.71 223.53 OK
r-release-macos-x86_64 0.1.3 OK
r-release-windows-ix86+x86_64 0.1.3 109.00 319.00 428.00 OK
r-oldrel-macos-x86_64 0.1.3 WARN
r-oldrel-windows-ix86+x86_64 0.1.3 66.00 197.00 263.00 OK

Check Details

Version: 0.1.3
Check: whether package can be installed
Result: WARN
    Found the following significant warnings:
     Warning: package ‘BiocParallel’ was built under R version 3.6.1
Flavor: r-oldrel-macos-x86_64