CRAN Package Check Results for Package SimRVSequences

Last updated on 2020-12-31 00:46:58 CET.

Flavor Version Tinstall Tcheck Ttotal Status Flags
r-devel-linux-x86_64-debian-clang 0.2.7 12.43 165.09 177.52 OK
r-devel-linux-x86_64-debian-gcc 0.2.7 10.41 126.48 136.89 OK
r-devel-linux-x86_64-fedora-clang 0.2.7 219.40 OK
r-devel-linux-x86_64-fedora-gcc 0.2.7 213.15 OK
r-devel-windows-ix86+x86_64 0.2.7 27.00 173.00 200.00 OK
r-patched-linux-x86_64 0.2.7 11.76 151.93 163.69 OK
r-patched-solaris-x86 0.2.7 315.30 OK
r-release-linux-x86_64 0.2.7 12.60 158.42 171.02 OK
r-release-macos-x86_64 0.2.7 NOTE
r-release-windows-ix86+x86_64 0.2.7 28.00 155.00 183.00 OK
r-oldrel-macos-x86_64 0.2.7 OK
r-oldrel-windows-ix86+x86_64 0.2.7 19.00 136.00 155.00 OK

Check Details

Version: 0.2.7
Check: package dependencies
Result: NOTE
    Package suggested but not available for checking: ‘vcfR’
Flavor: r-release-macos-x86_64