CRAN Package Check Results for Package SightabilityModel

Last updated on 2020-12-31 00:46:58 CET.

Flavor Version Tinstall Tcheck Ttotal Status Flags
r-devel-linux-x86_64-debian-clang 1.4.1 10.02 305.73 315.75 OK
r-devel-linux-x86_64-debian-gcc 1.4.1 8.06 205.60 213.66 OK
r-devel-linux-x86_64-fedora-clang 1.4.1 360.80 OK
r-devel-linux-x86_64-fedora-gcc 1.4.1 354.25 OK
r-devel-windows-ix86+x86_64 1.4.1 21.00 297.00 318.00 OK
r-patched-linux-x86_64 1.4.1 8.09 289.91 298.00 OK
r-patched-solaris-x86 1.4.1 453.70 OK
r-release-linux-x86_64 1.4.1 8.83 289.37 298.20 WARN
r-release-macos-x86_64 1.4.1 OK
r-release-windows-ix86+x86_64 1.4.1 21.00 364.00 385.00 OK
r-oldrel-macos-x86_64 1.4.1 OK
r-oldrel-windows-ix86+x86_64 1.4.1 12.00 260.00 272.00 OK

Check Details

Version: 1.4.1
Check: re-building of vignette outputs
Result: WARN
    Error(s) in re-building vignettes:
     ...
    --- re-building ‘MoosePopR-SightabilityPopR-Demo.Rmd’ using rmarkdown
    New names:
    * `Lone Cows` -> Lone.Cows
    * `Cow W/1 \r\ncalf` -> Cow.W.1...calf
    * `Cow W/2 calves` -> Cow.W.2.calves
    * `Lone \r\ncalf` -> Lone...calf
    * `Unk Age/Sex` -> Unk.Age.Sex
    * ...
    New names:
    * `` -> ...1
    New names:
    * `` -> ...1
    * `` -> ...2
    New names:
    * `` -> ...1
    * `` -> ...2
    New names:
    * `` -> ...1
    * `` -> ...2
    Warning in sqrt(as.matrix(Cover[, 1:nbeta]) %*% beta.cov %*% t(as.matrix(Cover[, :
     NaNs produced
    Warning in cor(N.Animals, Block.Area) : the standard deviation is zero
    Warning in cor(N.Animals, Block.Area) : the standard deviation is zero
    Warning in cor(N.Animals, Block.Area) : the standard deviation is zero
    Warning in cor(N.Animals, Block.Area) : the standard deviation is zero
    --- finished re-building ‘MoosePopR-SightabilityPopR-Demo.Rmd’
    
    --- re-building ‘RatioEstimator.pdf.asis’ using asis
    --- finished re-building ‘RatioEstimator.pdf.asis’
    
    --- re-building ‘SightabilityModel.Rnw’ using Sweave
    Error: processing vignette 'SightabilityModel.Rnw' failed with diagnostics:
    Running ‘texi2dvi’ on ‘SightabilityModel.tex’ failed.
    LaTeX errors:
    ! Undefined control sequence.
    <recently read> \Hy@colorlink
    
    l.79 \begin{document}
    
    ! Undefined control sequence.
    \close@pdflink ->\Hy@endcolorlink
     \Hy@VerboseLinkStop \pdfendlink
    l.79 \begin{document}
    
    ! Undefined control sequence.
    <recently read> \Hy@colorlink
    
    l.79 \begin{document}
    
    ! Undefined control sequence.
    \close@pdflink ->\Hy@endcolorlink
     \Hy@VerboseLinkStop \pdfendlink
    l.79 \begin{document}
    
    ! Undefined control sequence.
    <recently read> \Hy@colorlink
    
    l.79 \begin{document}
    
    ! Undefined control sequence.
    \close@pdflink ->\Hy@endcolorlink
     \Hy@VerboseLinkStop \pdfendlink
    l.79 \begin{document}
    
    ! Undefined control sequence.
    <recently read> \Hy@colorlink
    
    l.79 \begin{document}
    
    ! Undefined control sequence.
    \close@pdflink ->\Hy@endcolorlink
     \Hy@VerboseLinkStop \pdfendlink
    l.79 \begin{document}
    
    ! Undefined control sequence.
    <recently read> \Hy@colorlink
    
    l.79 \begin{document}
    
    ! Undefined control sequence.
    \close@pdflink ->\Hy@endcolorlink
     \Hy@VerboseLinkStop \pdfendlink
    l.79 \begin{document}
    
    ! Undefined control sequence.
    <recently read> \Hy@colorlink
    
    l.79 \begin{document}
    
    ! Undefined control sequence.
    \close@pdflink ->\Hy@endcolorlink
     \Hy@VerboseLinkStop \pdfendlink
    l.79 \begin{document}
    
    --- failed re-building 'SightabilityModel.Rnw'
    
    SUMMARY: processing the following file failed:
     ‘SightabilityModel.Rnw’
    
    Error: Vignette re-building failed.
    Execution halted
Flavor: r-release-linux-x86_64