Last updated on 2020-12-31 00:47:00 CET.
Flavor | Version | Tinstall | Tcheck | Ttotal | Status | Flags |
---|---|---|---|---|---|---|
r-devel-linux-x86_64-debian-clang | 0.2.0 | 18.72 | 168.71 | 187.43 | OK | |
r-devel-linux-x86_64-debian-gcc | 0.2.0 | 16.57 | 123.52 | 140.09 | OK | |
r-devel-linux-x86_64-fedora-clang | 0.2.0 | 235.06 | NOTE | |||
r-devel-linux-x86_64-fedora-gcc | 0.2.0 | 225.77 | NOTE | |||
r-devel-windows-ix86+x86_64 | 0.2.0 | 45.00 | 171.00 | 216.00 | OK | |
r-patched-linux-x86_64 | 0.2.0 | 18.51 | 154.01 | 172.52 | OK | |
r-patched-solaris-x86 | 0.2.0 | 328.70 | NOTE | |||
r-release-linux-x86_64 | 0.2.0 | 17.66 | 153.42 | 171.08 | OK | |
r-release-macos-x86_64 | 0.2.0 | NOTE | ||||
r-release-windows-ix86+x86_64 | 0.2.0 | 46.00 | 198.00 | 244.00 | OK | |
r-oldrel-macos-x86_64 | 0.2.0 | NOTE | ||||
r-oldrel-windows-ix86+x86_64 | 0.2.0 | 28.00 | 133.00 | 161.00 | OK |
Version: 0.2.0
Check: data for non-ASCII characters
Result: NOTE
Note: found 6 marked UTF-8 strings
Flavors: r-devel-linux-x86_64-fedora-clang, r-devel-linux-x86_64-fedora-gcc, r-patched-solaris-x86, r-release-macos-x86_64, r-oldrel-macos-x86_64