Last updated on 2020-12-31 00:46:59 CET.
Flavor | Version | Tinstall | Tcheck | Ttotal | Status | Flags |
---|---|---|---|---|---|---|
r-devel-linux-x86_64-debian-clang | 1.1.2 | 12.84 | 118.72 | 131.56 | OK | |
r-devel-linux-x86_64-debian-gcc | 1.1.2 | 9.76 | 88.50 | 98.26 | OK | |
r-devel-linux-x86_64-fedora-clang | 1.1.2 | 166.17 | OK | |||
r-devel-linux-x86_64-fedora-gcc | 1.1.2 | 157.07 | OK | |||
r-devel-windows-ix86+x86_64 | 1.1.2 | 31.00 | 120.00 | 151.00 | OK | |
r-patched-linux-x86_64 | 1.1.2 | 9.01 | 110.20 | 119.21 | OK | |
r-patched-solaris-x86 | 1.1.2 | 221.40 | OK | |||
r-release-linux-x86_64 | 1.1.2 | 12.64 | 110.07 | 122.71 | OK | |
r-release-macos-x86_64 | 1.1.2 | ERROR | ||||
r-release-windows-ix86+x86_64 | 1.1.2 | 31.00 | 142.00 | 173.00 | OK | |
r-oldrel-macos-x86_64 | 1.1.2 | ERROR | ||||
r-oldrel-windows-ix86+x86_64 | 1.1.2 | 18.00 | 92.00 | 110.00 | OK |
Version: 1.1.2
Check: package dependencies
Result: ERROR
Package required but not available: ‘ggtree’
See section ‘The DESCRIPTION file’ in the ‘Writing R Extensions’
manual.
Flavor: r-release-macos-x86_64
Version: 1.1.2
Check: package dependencies
Result: ERROR
Package required and available but unsuitable version: ‘ggtree’
See section ‘The DESCRIPTION file’ in the ‘Writing R Extensions’
manual.
Flavor: r-oldrel-macos-x86_64