CRAN Package Check Results for Package SPARSEMODr

Last updated on 2020-12-31 00:46:59 CET.

Flavor Version Tinstall Tcheck Ttotal Status Flags
r-devel-linux-x86_64-debian-clang 1.0 25.94 99.56 125.50 OK
r-devel-linux-x86_64-debian-gcc 1.0 19.10 75.37 94.47 OK
r-devel-linux-x86_64-fedora-clang 1.0 46.76 ERROR
r-devel-linux-x86_64-fedora-gcc 1.0 155.59 NOTE
r-devel-windows-ix86+x86_64 1.0 65.00 230.00 295.00 OK
r-patched-linux-x86_64 1.0 22.43 94.97 117.40 OK
r-patched-solaris-x86 1.0 613.70 NOTE
r-release-linux-x86_64 1.0 21.58 94.06 115.64 OK
r-release-macos-x86_64 1.0 ERROR
r-release-windows-ix86+x86_64 1.0 67.00 257.00 324.00 OK
r-oldrel-macos-x86_64 1.0 ERROR
r-oldrel-windows-ix86+x86_64 1.0 41.00 191.00 232.00 OK

Additional issues

M1mac M1mac

Check Details

Version: 1.0
Check: whether package can be installed
Result: ERROR
    Installation failed.
Flavors: r-devel-linux-x86_64-fedora-clang, r-release-macos-x86_64, r-oldrel-macos-x86_64

Version: 1.0
Check: dependencies in R code
Result: NOTE
    Namespaces in Imports field not imported from:
     ‘future’ ‘geosphere’ ‘lubridate’ ‘tidyverse’ ‘viridis’
     All declared Imports should be used.
Flavors: r-devel-linux-x86_64-fedora-gcc, r-patched-solaris-x86