CRAN Package Check Results for Package SIRE

Last updated on 2020-12-31 00:46:58 CET.

Flavor Version Tinstall Tcheck Ttotal Status Flags
r-devel-linux-x86_64-debian-clang 1.1.0 2.73 29.03 31.76 OK
r-devel-linux-x86_64-debian-gcc 1.1.0 2.29 22.72 25.01 OK
r-devel-linux-x86_64-fedora-clang 1.1.0 48.66 NOTE
r-devel-linux-x86_64-fedora-gcc 1.1.0 37.97 NOTE
r-devel-windows-ix86+x86_64 1.1.0 7.00 40.00 47.00 OK
r-patched-linux-x86_64 1.1.0 2.84 28.25 31.09 OK
r-patched-solaris-x86 1.1.0 59.50 NOTE
r-release-linux-x86_64 1.1.0 2.67 28.35 31.02 OK
r-release-macos-x86_64 1.1.0 NOTE
r-release-windows-ix86+x86_64 1.1.0 8.00 35.00 43.00 OK
r-oldrel-macos-x86_64 1.1.0 NOTE
r-oldrel-windows-ix86+x86_64 1.1.0 4.00 29.00 33.00 OK

Check Details

Version: 1.1.0
Check: dependencies in R code
Result: NOTE
    Namespaces in Imports field not imported from:
     ‘dplyr’ ‘magrittr’ ‘psych’ ‘stringr’
     All declared Imports should be used.
Flavors: r-devel-linux-x86_64-fedora-clang, r-devel-linux-x86_64-fedora-gcc, r-patched-solaris-x86, r-release-macos-x86_64, r-oldrel-macos-x86_64