Last updated on 2020-12-31 00:46:57 CET.
Flavor | Version | Tinstall | Tcheck | Ttotal | Status | Flags |
---|---|---|---|---|---|---|
r-devel-linux-x86_64-debian-clang | 1.2 | 18.99 | 27.46 | 46.45 | OK | |
r-devel-linux-x86_64-debian-gcc | 1.2 | 11.90 | 21.67 | 33.57 | OK | |
r-devel-linux-x86_64-fedora-clang | 1.2 | 71.79 | OK | |||
r-devel-linux-x86_64-fedora-gcc | 1.2 | 56.43 | OK | |||
r-devel-windows-ix86+x86_64 | 1.2 | 45.00 | 60.00 | 105.00 | OK | |
r-patched-linux-x86_64 | 1.2 | 14.92 | 26.92 | 41.84 | OK | |
r-patched-solaris-x86 | 1.2 | 72.50 | OK | |||
r-release-linux-x86_64 | 1.2 | 14.93 | 26.60 | 41.53 | OK | |
r-release-macos-x86_64 | 1.2 | OK | ||||
r-release-windows-ix86+x86_64 | 1.2 | 45.00 | 69.00 | 114.00 | OK | |
r-oldrel-macos-x86_64 | 1.2 | NOTE | ||||
r-oldrel-windows-ix86+x86_64 | 1.2 | 34.00 | 48.00 | 82.00 | OK |
Version: 1.2
Check: package dependencies
Result: NOTE
Packages suggested but not available for checking: 'pcalg', 'Rgraphviz'
Flavor: r-oldrel-macos-x86_64