CRAN Package Check Results for Package Rphylopars

Last updated on 2020-12-31 00:46:57 CET.

Flavor Version Tinstall Tcheck Ttotal Status Flags
r-devel-linux-x86_64-debian-clang 0.3.0 61.18 125.57 186.75 NOTE
r-devel-linux-x86_64-debian-gcc 0.3.0 51.05 92.53 143.58 NOTE
r-devel-linux-x86_64-fedora-clang 0.3.0 250.90 NOTE
r-devel-linux-x86_64-fedora-gcc 0.3.0 237.91 NOTE
r-devel-windows-ix86+x86_64 0.3.0 151.00 177.00 328.00 OK
r-patched-linux-x86_64 0.3.0 57.80 113.79 171.59 NOTE
r-patched-solaris-x86 0.3.0 272.10 NOTE
r-release-linux-x86_64 0.3.0 56.72 114.00 170.72 NOTE
r-release-macos-x86_64 0.3.0 NOTE
r-release-windows-ix86+x86_64 0.3.0 152.00 205.00 357.00 OK
r-oldrel-macos-x86_64 0.3.0 NOTE
r-oldrel-windows-ix86+x86_64 0.3.0 98.00 136.00 234.00 OK

Check Details

Version: 0.3.0
Check: Rd cross-references
Result: NOTE
    Unknown package 'phylocurve' in Rd xrefs
Flavors: r-devel-linux-x86_64-debian-clang, r-devel-linux-x86_64-debian-gcc, r-devel-linux-x86_64-fedora-gcc, r-patched-linux-x86_64, r-patched-solaris-x86, r-release-linux-x86_64, r-release-macos-x86_64

Version: 0.3.0
Check: installed package size
Result: NOTE
     installed size is 5.5Mb
     sub-directories of 1Mb or more:
     libs 5.2Mb
Flavors: r-devel-linux-x86_64-fedora-clang, r-release-macos-x86_64, r-oldrel-macos-x86_64

Version: 0.3.0
Check: Rd cross-references
Result: NOTE
    Undeclared packages ‘geomorph’, ‘phylocurve’ in Rd xrefs
    Unknown package ‘phylocurve’ in Rd xrefs
Flavor: r-devel-linux-x86_64-fedora-clang