CRAN Package Check Results for Package Riemann

Last updated on 2020-12-31 00:46:56 CET.

Flavor Version Tinstall Tcheck Ttotal Status Flags
r-devel-linux-x86_64-debian-clang 0.1.0 181.79 97.64 279.43 OK
r-devel-linux-x86_64-debian-gcc 0.1.0 126.66 75.01 201.67 OK
r-devel-linux-x86_64-fedora-clang 0.1.0 388.48 NOTE
r-devel-linux-x86_64-fedora-gcc 0.1.0 358.53 OK
r-devel-windows-ix86+x86_64 0.1.0 411.00 166.00 577.00 OK
r-patched-linux-x86_64 0.1.0 145.78 90.59 236.37 OK
r-patched-solaris-x86 0.1.0 358.60 OK
r-release-linux-x86_64 0.1.0 148.83 90.71 239.54 OK
r-release-macos-x86_64 0.1.0 NOTE
r-release-windows-ix86+x86_64 0.1.0 414.00 185.00 599.00 OK
r-oldrel-macos-x86_64 0.1.0 WARN
r-oldrel-windows-ix86+x86_64 0.1.0 261.00 123.00 384.00 OK

Check Details

Version: 0.1.0
Check: installed package size
Result: NOTE
     installed size is 11.8Mb
     sub-directories of 1Mb or more:
     libs 11.4Mb
Flavors: r-devel-linux-x86_64-fedora-clang, r-release-macos-x86_64, r-oldrel-macos-x86_64

Version: 0.1.0
Check: Rd cross-references
Result: NOTE
    Undeclared packages ‘fastcluster’, ‘nabor’, ‘Rtsne’ in Rd xrefs
Flavor: r-devel-linux-x86_64-fedora-clang

Version: 0.1.0
Check: whether package can be installed
Result: WARN
    Found the following significant warnings:
     Warning: 'rgl.init' failed, running with 'rgl.useNULL = TRUE'.
Flavor: r-oldrel-macos-x86_64

Version: 0.1.0
Check: Rd files
Result: WARN
    prepare_Rd: RGL: unable to open X11 display
    prepare_Rd: 'rgl.init' failed, running with 'rgl.useNULL = TRUE'.
Flavor: r-oldrel-macos-x86_64