CRAN Package Check Results for Package Rfssa

Last updated on 2020-12-31 00:46:56 CET.

Flavor Version Tinstall Tcheck Ttotal Status Flags
r-devel-linux-x86_64-debian-clang 1.0.0 111.14 130.94 242.08 OK
r-devel-linux-x86_64-debian-gcc 1.0.0 72.52 97.94 170.46 OK
r-devel-linux-x86_64-fedora-clang 1.0.0 313.45 WARN
r-devel-linux-x86_64-fedora-gcc 1.0.0 290.12 NOTE
r-devel-windows-ix86+x86_64 1.0.0 254.00 187.00 441.00 OK
r-patched-linux-x86_64 1.0.0 64.47 121.29 185.76 OK
r-patched-solaris-x86 1.0.0 341.00 NOTE
r-release-linux-x86_64 1.0.0 65.08 119.50 184.58 OK
r-release-macos-x86_64 1.0.0 NOTE
r-release-windows-ix86+x86_64 1.0.0 246.00 213.00 459.00 OK
r-oldrel-macos-x86_64 1.0.0 NOTE
r-oldrel-windows-ix86+x86_64 1.0.0 165.00 150.00 315.00 OK

Check Details

Version: 1.0.0
Check: package dependencies
Result: WARN
    Requires orphaned package: ‘plotly’
Flavor: r-devel-linux-x86_64-fedora-clang

Version: 1.0.0
Check: dependencies in R code
Result: NOTE
    Namespace in Imports field not imported from: ‘markdown’
     All declared Imports should be used.
Flavors: r-devel-linux-x86_64-fedora-clang, r-devel-linux-x86_64-fedora-gcc, r-patched-solaris-x86, r-release-macos-x86_64, r-oldrel-macos-x86_64