CRAN Package Check Results for Package ResistorArray

Last updated on 2020-12-31 00:46:55 CET.

Flavor Version Tinstall Tcheck Ttotal Status Flags
r-devel-linux-x86_64-debian-clang 1.0-32 1.96 30.49 32.45 OK
r-devel-linux-x86_64-debian-gcc 1.0-32 1.73 24.08 25.81 OK
r-devel-linux-x86_64-fedora-clang 1.0-32 49.05 OK
r-devel-linux-x86_64-fedora-gcc 1.0-32 39.51 OK
r-devel-windows-ix86+x86_64 1.0-32 5.00 42.00 47.00 OK
r-patched-linux-x86_64 1.0-32 2.23 29.57 31.80 OK
r-patched-solaris-x86 1.0-32 57.90 OK
r-release-linux-x86_64 1.0-32 2.19 29.47 31.66 WARN
r-release-macos-x86_64 1.0-32 OK
r-release-windows-ix86+x86_64 1.0-32 5.00 47.00 52.00 OK
r-oldrel-macos-x86_64 1.0-32 OK
r-oldrel-windows-ix86+x86_64 1.0-32 4.00 56.00 60.00 OK

Check Details

Version: 1.0-32
Check: re-building of vignette outputs
Result: WARN
    Error(s) in re-building vignettes:
     ...
    --- re-building ‘ResistorArray.Rnw’ using Sweave
    Loading required package: ResistorArray
    Error: processing vignette 'ResistorArray.Rnw' failed with diagnostics:
    Running ‘texi2dvi’ on ‘ResistorArray.tex’ failed.
    LaTeX errors:
    ! Undefined control sequence.
    <recently read> \Hy@colorlink
    
    l.42 \begin{document}
    
    ! Undefined control sequence.
    \close@pdflink ->\Hy@endcolorlink
     \Hy@VerboseLinkStop \pdfendlink
    l.42 \begin{document}
    
    ! Undefined control sequence.
    <recently read> \Hy@colorlink
    
    l.42 \begin{document}
    
    ! Undefined control sequence.
    \close@pdflink ->\Hy@endcolorlink
     \Hy@VerboseLinkStop \pdfendlink
    l.42 \begin{document}
    
    --- failed re-building ‘ResistorArray.Rnw’
    
    SUMMARY: processing the following file failed:
     ‘ResistorArray.Rnw’
    
    Error: Vignette re-building failed.
    Execution halted
Flavor: r-release-linux-x86_64