CRAN Package Check Results for Package ReacTran

Last updated on 2020-12-31 00:46:55 CET.

Flavor Version Tinstall Tcheck Ttotal Status Flags
r-devel-linux-x86_64-debian-clang 1.4.3.1 9.36 78.88 88.24 OK
r-devel-linux-x86_64-debian-gcc 1.4.3.1 8.61 59.31 67.92 OK
r-devel-linux-x86_64-fedora-clang 1.4.3.1 118.07 OK
r-devel-linux-x86_64-fedora-gcc 1.4.3.1 108.03 OK
r-devel-windows-ix86+x86_64 1.4.3.1 22.00 112.00 134.00 OK
r-patched-linux-x86_64 1.4.3.1 9.70 73.74 83.44 OK
r-patched-solaris-x86 1.4.3.1 145.40 OK
r-release-linux-x86_64 1.4.3.1 10.13 73.09 83.22 WARN
r-release-macos-x86_64 1.4.3.1 OK
r-release-windows-ix86+x86_64 1.4.3.1 22.00 92.00 114.00 OK
r-oldrel-macos-x86_64 1.4.3.1 OK
r-oldrel-windows-ix86+x86_64 1.4.3.1 15.00 96.00 111.00 OK

Check Details

Version: 1.4.3.1
Check: re-building of vignette outputs
Result: WARN
    Error(s) in re-building vignettes:
     ...
    --- re-building ‘PDE.Rnw’ using Sweave
    Loading required package: rootSolve
    Loading required package: deSolve
    Loading required package: shape
    Error: processing vignette 'PDE.Rnw' failed with diagnostics:
    Running ‘texi2dvi’ on ‘PDE.tex’ failed.
    LaTeX errors:
    ! Undefined control sequence.
    <recently read> \Hy@colorlink
    
    l.79 \begin{document}
    
    ! Undefined control sequence.
    \close@pdflink ->\Hy@endcolorlink
     \Hy@VerboseLinkStop \pdfendlink
    l.79 \begin{document}
    
    ! Undefined control sequence.
    <recently read> \Hy@colorlink
    
    l.79 \begin{document}
    
    ! Undefined control sequence.
    \close@pdflink ->\Hy@endcolorlink
     \Hy@VerboseLinkStop \pdfendlink
    l.79 \begin{document}
    
    ! Undefined control sequence.
    <recently read> \Hy@colorlink
    
    l.79 \begin{document}
    
    ! Undefined control sequence.
    \close@pdflink ->\Hy@endcolorlink
     \Hy@VerboseLinkStop \pdfendlink
    l.79 \begin{document}
    
    ! Undefined control sequence.
    <recently read> \Hy@colorlink
    
    l.79 \begin{document}
    
    ! Undefined control sequence.
    \close@pdflink ->\Hy@endcolorlink
     \Hy@VerboseLinkStop \pdfendlink
    l.79 \begin{document}
    
    --- failed re-building ‘PDE.Rnw’
    
    --- re-building ‘ReacTran.rnw’ using Sweave
    Loading required package: rootSolve
    Loading required package: deSolve
    Loading required package: shape
    Error: processing vignette 'ReacTran.rnw' failed with diagnostics:
    Running ‘texi2dvi’ on ‘ReacTran.tex’ failed.
    LaTeX errors:
    ! Undefined control sequence.
    <recently read> \Hy@colorlink
    
    l.75 \begin{document}
    
    ! Undefined control sequence.
    \close@pdflink ->\Hy@endcolorlink
     \Hy@VerboseLinkStop \pdfendlink
    l.75 \begin{document}
    
    ! Undefined control sequence.
    <recently read> \Hy@colorlink
    
    l.75 \begin{document}
    
    ! Undefined control sequence.
    \close@pdflink ->\Hy@endcolorlink
     \Hy@VerboseLinkStop \pdfendlink
    l.75 \begin{document}
    
    --- failed re-building ‘ReacTran.rnw’
    
    SUMMARY: processing the following files failed:
     ‘PDE.Rnw’ ‘ReacTran.rnw’
    
    Error: Vignette re-building failed.
    Execution halted
Flavor: r-release-linux-x86_64