CRAN Package Check Results for Package RcppXsimd

Last updated on 2020-12-31 00:46:55 CET.

Flavor Version Tinstall Tcheck Ttotal Status Flags
r-devel-linux-x86_64-debian-clang 7.1.4 20.98 53.63 74.61 OK
r-devel-linux-x86_64-debian-gcc 7.1.4 13.52 34.89 48.41 OK
r-devel-linux-x86_64-fedora-clang 7.1.4 101.72 OK
r-devel-linux-x86_64-fedora-gcc 7.1.4 84.37 OK
r-devel-windows-ix86+x86_64 7.1.4 53.00 66.00 119.00 ERROR
r-patched-linux-x86_64 7.1.4 18.06 44.81 62.87 OK
r-patched-solaris-x86 7.1.4 86.00 OK
r-release-linux-x86_64 7.1.4 16.93 44.89 61.82 OK
r-release-macos-x86_64 7.1.4 OK
r-release-windows-ix86+x86_64 7.1.4 52.00 84.00 136.00 ERROR
r-oldrel-macos-x86_64 7.1.4 OK
r-oldrel-windows-ix86+x86_64 7.1.4 34.00 81.00 115.00 OK

Additional issues

M1mac M1mac

Check Details

Version: 7.1.4
Check: running tests for arch ‘x64’
Result: ERROR
     Running 'testthat.R' [1s]
    Running the tests in 'tests/testthat.R' failed.
    Complete output:
     > library(testthat)
     > library(RcppXsimd)
     >
     > test_check("RcppXsimd")
Flavors: r-devel-windows-ix86+x86_64, r-release-windows-ix86+x86_64