CRAN Package Check Results for Package RcppStreams

Last updated on 2020-12-31 00:46:55 CET.

Flavor Version Tinstall Tcheck Ttotal Status Flags
r-devel-linux-x86_64-debian-clang 0.1.3 87.55 24.94 112.49 OK
r-devel-linux-x86_64-debian-gcc 0.1.3 59.15 19.70 78.85 OK
r-devel-linux-x86_64-fedora-clang 0.1.3 161.93 NOTE
r-devel-linux-x86_64-fedora-gcc 0.1.3 148.21 OK
r-devel-windows-ix86+x86_64 0.1.3 206.00 58.00 264.00 OK
r-patched-linux-x86_64 0.1.3 72.47 24.14 96.61 OK
r-patched-solaris-x86 0.1.3 154.00 OK
r-release-linux-x86_64 0.1.3 74.29 24.11 98.40 OK
r-release-macos-x86_64 0.1.3 NOTE
r-release-windows-ix86+x86_64 0.1.3 205.00 73.00 278.00 OK
r-oldrel-macos-x86_64 0.1.3 NOTE
r-oldrel-windows-ix86+x86_64 0.1.3 131.00 56.00 187.00 OK

Check Details

Version: 0.1.3
Check: installed package size
Result: NOTE
     installed size is 5.4Mb
     sub-directories of 1Mb or more:
     libs 4.6Mb
Flavors: r-devel-linux-x86_64-fedora-clang, r-release-macos-x86_64, r-oldrel-macos-x86_64