CRAN Package Check Results for Package RcppHMM

Last updated on 2020-12-31 00:46:55 CET.

Flavor Version Tinstall Tcheck Ttotal Status Flags
r-devel-linux-x86_64-debian-clang 1.2.2 102.83 29.27 132.10 OK
r-devel-linux-x86_64-debian-gcc 1.2.2 69.20 22.40 91.60 OK
r-devel-linux-x86_64-fedora-clang 1.2.2 187.14 NOTE
r-devel-linux-x86_64-fedora-gcc 1.2.2 165.26 OK
r-devel-windows-ix86+x86_64 1.2.2 225.00 66.00 291.00 OK
r-patched-linux-x86_64 1.2.2 80.38 27.94 108.32 OK
r-patched-solaris-x86 1.2.2 159.00 OK
r-release-linux-x86_64 1.2.2 81.28 28.06 109.34 OK
r-release-macos-x86_64 1.2.2 NOTE
r-release-windows-ix86+x86_64 1.2.2 226.00 86.00 312.00 OK
r-oldrel-macos-x86_64 1.2.2 OK
r-oldrel-windows-ix86+x86_64 1.2.2 153.00 65.00 218.00 OK

Check Details

Version: 1.2.2
Check: installed package size
Result: NOTE
     installed size is 5.6Mb
     sub-directories of 1Mb or more:
     libs 5.5Mb
Flavors: r-devel-linux-x86_64-fedora-clang, r-release-macos-x86_64