CRAN Package Check Results for Package RcppGetconf

Last updated on 2020-12-31 00:46:55 CET.

Flavor Version Tinstall Tcheck Ttotal Status Flags
r-devel-linux-x86_64-debian-clang 0.0.3 23.06 24.53 47.59 OK
r-devel-linux-x86_64-debian-gcc 0.0.3 12.94 19.52 32.46 OK
r-devel-linux-x86_64-fedora-clang 0.0.3 66.99 NOTE
r-devel-linux-x86_64-fedora-gcc 0.0.3 54.24 NOTE
r-patched-linux-x86_64 0.0.3 16.41 23.96 40.37 OK
r-patched-solaris-x86 0.0.3 69.30 OK
r-release-linux-x86_64 0.0.3 16.72 23.72 40.44 OK
r-release-macos-x86_64 0.0.3 OK
r-oldrel-macos-x86_64 0.0.3 OK

Check Details

Version: 0.0.3
Check: top-level files
Result: NOTE
    ‘configure’: /bin/bash is not portable
Flavors: r-devel-linux-x86_64-fedora-clang, r-devel-linux-x86_64-fedora-gcc