Last updated on 2020-12-31 00:46:55 CET.
Flavor | Version | Tinstall | Tcheck | Ttotal | Status | Flags |
---|---|---|---|---|---|---|
r-devel-linux-x86_64-debian-clang | 1.0.0 | 111.15 | 84.03 | 195.18 | OK | |
r-devel-linux-x86_64-debian-gcc | 1.0.0 | 65.51 | 71.11 | 136.62 | OK | |
r-devel-linux-x86_64-fedora-clang | 1.0.0 | 269.82 | NOTE | |||
r-devel-linux-x86_64-fedora-gcc | 1.0.0 | 238.16 | OK | |||
r-devel-windows-ix86+x86_64 | 1.0.0 | 234.00 | 176.00 | 410.00 | OK | |
r-patched-linux-x86_64 | 1.0.0 | 79.57 | 86.47 | 166.04 | OK | |
r-patched-solaris-x86 | 1.0.0 | 295.10 | OK | |||
r-release-linux-x86_64 | 1.0.0 | 80.75 | 86.22 | 166.97 | OK | |
r-release-macos-x86_64 | 1.0.0 | NOTE | ||||
r-release-windows-ix86+x86_64 | 1.0.0 | 241.00 | 200.00 | 441.00 | OK | |
r-oldrel-macos-x86_64 | 1.0.0 | NOTE | ||||
r-oldrel-windows-ix86+x86_64 | 1.0.0 | 175.00 | 160.00 | 335.00 | OK |
Version: 1.0.0
Check: installed package size
Result: NOTE
installed size is 6.2Mb
sub-directories of 1Mb or more:
libs 5.9Mb
Flavors: r-devel-linux-x86_64-fedora-clang, r-release-macos-x86_64, r-oldrel-macos-x86_64