CRAN Package Check Results for Package RcppArmadillo

Last updated on 2020-12-31 00:46:55 CET.

Flavor Version Tinstall Tcheck Ttotal Status Flags
r-devel-linux-x86_64-debian-clang 0.10.1.2.0 51.77 46.11 97.88 ERROR
r-devel-linux-x86_64-debian-gcc 0.10.1.2.0 30.73 35.99 66.72 ERROR
r-devel-linux-x86_64-fedora-clang 0.10.1.2.0 134.71 ERROR
r-devel-linux-x86_64-fedora-gcc 0.10.1.2.0 118.26 ERROR
r-devel-windows-ix86+x86_64 0.10.1.2.0 111.00 431.00 542.00 NOTE
r-patched-linux-x86_64 0.10.1.2.0 42.20 45.15 87.35 ERROR
r-patched-solaris-x86 0.10.1.2.0 271.40 ERROR
r-release-linux-x86_64 0.10.1.2.0 38.41 45.38 83.79 ERROR
r-release-macos-x86_64 0.10.1.2.0 NOTE
r-release-windows-ix86+x86_64 0.10.1.2.0 110.00 483.00 593.00 NOTE
r-oldrel-macos-x86_64 0.10.1.2.0 NOTE
r-oldrel-windows-ix86+x86_64 0.10.1.2.0 73.00 318.00 391.00 NOTE

Check Details

Version: 0.10.1.2.0
Check: tests
Result: ERROR
     Running 'tinytest.R' [0s/248s]
    Running the tests in 'tests/tinytest.R' failed.
    Complete output:
     >
     > if (requireNamespace("tinytest", quietly=TRUE) &&
     + utils::packageVersion("tinytest") >= "1.0.0") {
     +
     + ## Set a seed to make the test deterministic
     + set.seed(42)
     +
     + ## R makes us to this
     + Sys.setenv("R_TESTS"="")
     +
     + ## there are several more granular ways to test files in a tinytest directory,
     + ## see its package vignette; tests can also run once the package is installed
     + ## using the same command `test_package(pkgName)`, or by director or file
     + tinytest::test_package("RcppArmadillo", ncpu=getOption("Ncpus", 1))
     + }
     starting worker pid=7445 on localhost:11864 at 05:43:19.808
    
     Running test_Rlapack.R................ 7 tests <1b>[0;32mOK<1b>[0m <1b>[0;34m29.9s<1b>[0m
    
     Running test_complex.R................ 11 tests <1b>[0;32mOK<1b>[0m <1b>[0;34m24.7s<1b>[0m
    
     Running test_cube.R................... 18 tests <1b>[0;32mOK<1b>[0m <1b>[0;34m22.7s<1b>[0m
    
     Running test_fastLm.R................. 25 tests <1b>[0;32mOK<1b>[0m <1b>[0;36m45ms<1b>[0m
    
     Running test_rcpparmadillo.R.......... 48 tests <1b>[0;32mOK<1b>[0m <1b>[0;34m1.1s<1b>[0m
    
     Running test_rmultinom.R.............. 9 tests <1b>[0;32mOK<1b>[0m <1b>[0;34m20.4s<1b>[0m
    
     Running test_rng.R.................... 10 tests <1b>[0;32mOK<1b>[0m <1b>[0;34m19.7s<1b>[0m
    
     Running test_sample.R................. 21 tests <1b>[0;32mOK<1b>[0m <1b>[0;34m24.2s<1b>[0m
    
     Running test_scipy2r.R................ 0 tests <1b>[0;34m3.3s<1b>[0m [Exited at #42: Module scipy missing]
    
     Running test_sparse.R................. 12 tests <1b>[0;32mOK<1b>[0m <1b>[0;34m32.1s<1b>[0m
    
     Running test_sparseConversion.R....... 86 tests <1b>[0;31m1 fails<1b>[0m <1b>[0;34m0.8s<1b>[0m
     ----- FAILED[data]: test_sparseConversion.R<114--114>
     call| expect_equal(dgc, asSpMat(SM))
     diff| Attributes: < Names: 2 string mismatches >
     diff| Attributes: < Length mismatch: comparison on first 7 components >
     diff| Attributes: < Component "class": 1 string mismatch >
     diff| Attributes: < Component 4: Modes: list, character >
     diff| Attributes: < Component 4: Length mismatch: comparison on first 0 components >
     diff| Attributes: < Component 7: Modes: numeric, character >
     diff| Attributes: < Component 7: Lengths: 2, 1 >
     diff| Attributes: < Component 7: target is numeric, current is character >
     Error: 1 out of 247 tests failed
     Warning message:
     In sparseMatrix(i = ijI%%nrow, j = ijI%/%nrow, index1 = FALSE, symmetric = symmetric, :
     'giveCsparse' has been deprecated; setting 'repr = "T"' for you
     Execution halted
Flavor: r-devel-linux-x86_64-debian-clang

Version: 0.10.1.2.0
Check: tests
Result: ERROR
     Running ‘tinytest.R’ [0s/186s]
    Running the tests in ‘tests/tinytest.R’ failed.
    Complete output:
     >
     > if (requireNamespace("tinytest", quietly=TRUE) &&
     + utils::packageVersion("tinytest") >= "1.0.0") {
     +
     + ## Set a seed to make the test deterministic
     + set.seed(42)
     +
     + ## R makes us to this
     + Sys.setenv("R_TESTS"="")
     +
     + ## there are several more granular ways to test files in a tinytest directory,
     + ## see its package vignette; tests can also run once the package is installed
     + ## using the same command `test_package(pkgName)`, or by director or file
     + tinytest::test_package("RcppArmadillo", ncpu=getOption("Ncpus", 1))
     + }
     starting worker pid=7810 on localhost:11362 at 03:42:09.642
    
     Running test_Rlapack.R................ 7 tests <1b>[0;32mOK<1b>[0m <1b>[0;34m22.8s<1b>[0m
    
     Running test_complex.R................ 11 tests <1b>[0;32mOK<1b>[0m <1b>[0;34m17.5s<1b>[0m
    
     Running test_cube.R................... 18 tests <1b>[0;32mOK<1b>[0m <1b>[0;34m15.2s<1b>[0m
    
     Running test_fastLm.R................. 25 tests <1b>[0;32mOK<1b>[0m <1b>[0;36m74ms<1b>[0m
    
     Running test_rcpparmadillo.R.......... 48 tests <1b>[0;32mOK<1b>[0m <1b>[0;34m49.5s<1b>[0m
    
     Running test_rmultinom.R.............. 9 tests <1b>[0;32mOK<1b>[0m <1b>[0;34m16.3s<1b>[0m
    
     Running test_rng.R.................... 10 tests <1b>[0;32mOK<1b>[0m <1b>[0;34m15.9s<1b>[0m
    
     Running test_sample.R................. 21 tests <1b>[0;32mOK<1b>[0m <1b>[0;34m17.6s<1b>[0m
    
     Running test_scipy2r.R................ 0 tests <1b>[0;34m3.5s<1b>[0m [Exited at #42: Module scipy missing]
    
     Running test_sparse.R................. 12 tests <1b>[0;32mOK<1b>[0m <1b>[0;34m25.0s<1b>[0m
    
     Running test_sparseConversion.R....... 86 tests <1b>[0;31m1 fails<1b>[0m <1b>[0;34m1.1s<1b>[0m
     ----- FAILED[data]: test_sparseConversion.R<114--114>
     call| expect_equal(dgc, asSpMat(SM))
     diff| Attributes: < Names: 2 string mismatches >
     diff| Attributes: < Length mismatch: comparison on first 7 components >
     diff| Attributes: < Component "class": 1 string mismatch >
     diff| Attributes: < Component 4: Modes: list, character >
     diff| Attributes: < Component 4: Length mismatch: comparison on first 0 components >
     diff| Attributes: < Component 7: Modes: numeric, character >
     diff| Attributes: < Component 7: Lengths: 2, 1 >
     diff| Attributes: < Component 7: target is numeric, current is character >
     Error: 1 out of 247 tests failed
     Warning message:
     In sparseMatrix(i = ijI%%nrow, j = ijI%/%nrow, index1 = FALSE, symmetric = symmetric, :
     'giveCsparse' has been deprecated; setting 'repr = "T"' for you
     Execution halted
Flavor: r-devel-linux-x86_64-debian-gcc

Version: 0.10.1.2.0
Check: installed package size
Result: NOTE
     installed size is 9.1Mb
     sub-directories of 1Mb or more:
     include 6.0Mb
     libs 1.9Mb
Flavors: r-devel-linux-x86_64-fedora-clang, r-devel-windows-ix86+x86_64, r-patched-solaris-x86, r-release-macos-x86_64, r-release-windows-ix86+x86_64, r-oldrel-macos-x86_64, r-oldrel-windows-ix86+x86_64

Version: 0.10.1.2.0
Check: tests
Result: ERROR
     Running ‘tinytest.R’ [0s/325s]
    Running the tests in ‘tests/tinytest.R’ failed.
    Complete output:
     >
     > if (requireNamespace("tinytest", quietly=TRUE) &&
     + utils::packageVersion("tinytest") >= "1.0.0") {
     +
     + ## Set a seed to make the test deterministic
     + set.seed(42)
     +
     + ## R makes us to this
     + Sys.setenv("R_TESTS"="")
     +
     + ## there are several more granular ways to test files in a tinytest directory,
     + ## see its package vignette; tests can also run once the package is installed
     + ## using the same command `test_package(pkgName)`, or by director or file
     + tinytest::test_package("RcppArmadillo", ncpu=getOption("Ncpus", 1))
     + }
     starting worker pid=839357 on localhost:11132 at 03:54:11.663
    
     Running test_Rlapack.R................ 7 tests <1b>[0;32mOK<1b>[0m <1b>[0;34m36.7s<1b>[0m
     OMP: Warning #96: Cannot form a team with 10 threads, using 2 instead.
     OMP: Hint Consider unsetting KMP_DEVICE_THREAD_LIMIT (KMP_ALL_THREADS), KMP_TEAMS_THREAD_LIMIT, and OMP_THREAD_LIMIT (if any are set).
    
     Running test_complex.R................ 11 tests <1b>[0;32mOK<1b>[0m <1b>[0;34m27.3s<1b>[0m
    
     Running test_cube.R................... 18 tests <1b>[0;32mOK<1b>[0m <1b>[0;34m27.5s<1b>[0m
    
     Running test_fastLm.R................. 25 tests <1b>[0;32mOK<1b>[0m <1b>[0;36m62ms<1b>[0m
    
     Running test_rcpparmadillo.R.......... 48 tests <1b>[0;32mOK<1b>[0m <1b>[0;34m1.4s<1b>[0m
    
     Running test_rmultinom.R.............. 9 tests <1b>[0;32mOK<1b>[0m <1b>[0;34m27.7s<1b>[0m
    
     Running test_rng.R.................... 10 tests <1b>[0;32mOK<1b>[0m <1b>[0;34m25.0s<1b>[0m
    
     Running test_sample.R................. 21 tests <1b>[0;32mOK<1b>[0m <1b>[0;34m30.6s<1b>[0m
    
     Running test_scipy2r.R................ 4 tests <1b>[0;32mOK<1b>[0m <1b>[0;34m6.3s<1b>[0m
    
     Running test_sparse.R................. 12 tests <1b>[0;32mOK<1b>[0m <1b>[0;34m54.6s<1b>[0m
    
     Running test_sparseConversion.R....... 86 tests <1b>[0;31m1 fails<1b>[0m <1b>[0;34m1.3s<1b>[0m
     ----- FAILED[data]: test_sparseConversion.R<114--114>
     call| expect_equal(dgc, asSpMat(SM))
     diff| Attributes: < Names: 2 string mismatches >
     diff| Attributes: < Length mismatch: comparison on first 7 components >
     diff| Attributes: < Component "class": 1 string mismatch >
     diff| Attributes: < Component 4: Modes: list, character >
     diff| Attributes: < Component 4: Length mismatch: comparison on first 0 components >
     diff| Attributes: < Component 7: Modes: numeric, character >
     diff| Attributes: < Component 7: Lengths: 2, 1 >
     diff| Attributes: < Component 7: target is numeric, current is character >
     Error: 1 out of 251 tests failed
     Execution halted
     Warning message:
     In sparseMatrix(i = ijI%%nrow, j = ijI%/%nrow, index1 = FALSE, symmetric = symmetric, :
     'giveCsparse' has been deprecated; setting 'repr = "T"' for you
Flavor: r-devel-linux-x86_64-fedora-clang

Version: 0.10.1.2.0
Check: tests
Result: ERROR
     Running ‘tinytest.R’ [0s/278s]
    Running the tests in ‘tests/tinytest.R’ failed.
    Complete output:
     >
     > if (requireNamespace("tinytest", quietly=TRUE) &&
     + utils::packageVersion("tinytest") >= "1.0.0") {
     +
     + ## Set a seed to make the test deterministic
     + set.seed(42)
     +
     + ## R makes us to this
     + Sys.setenv("R_TESTS"="")
     +
     + ## there are several more granular ways to test files in a tinytest directory,
     + ## see its package vignette; tests can also run once the package is installed
     + ## using the same command `test_package(pkgName)`, or by director or file
     + tinytest::test_package("RcppArmadillo", ncpu=getOption("Ncpus", 1))
     + }
     starting worker pid=326388 on localhost:11866 at 06:14:05.238
    
     Running test_Rlapack.R................ 7 tests <1b>[0;32mOK<1b>[0m <1b>[0;34m30.6s<1b>[0m
    
     Running test_complex.R................ 11 tests <1b>[0;32mOK<1b>[0m <1b>[0;34m27.2s<1b>[0m
    
     Running test_cube.R................... 18 tests <1b>[0;32mOK<1b>[0m <1b>[0;34m26.7s<1b>[0m
    
     Running test_fastLm.R................. 25 tests <1b>[0;32mOK<1b>[0m <1b>[0;36m68ms<1b>[0m
    
     Running test_rcpparmadillo.R.......... 48 tests <1b>[0;32mOK<1b>[0m <1b>[0;34m1.3s<1b>[0m
    
     Running test_rmultinom.R.............. 9 tests <1b>[0;32mOK<1b>[0m <1b>[0;34m24.4s<1b>[0m
    
     Running test_rng.R.................... 10 tests <1b>[0;32mOK<1b>[0m <1b>[0;34m24.2s<1b>[0m
    
     Running test_sample.R................. 21 tests <1b>[0;32mOK<1b>[0m <1b>[0;34m25.0s<1b>[0m
    
     Running test_scipy2r.R................ 4 tests <1b>[0;32mOK<1b>[0m <1b>[0;34m6.5s<1b>[0m
    
     Running test_sparse.R................. 12 tests <1b>[0;32mOK<1b>[0m <1b>[0;34m34.4s<1b>[0m
    
     Running test_sparseConversion.R....... 86 tests <1b>[0;31m1 fails<1b>[0m <1b>[0;34m1.3s<1b>[0m
     ----- FAILED[data]: test_sparseConversion.R<114--114>
     call| expect_equal(dgc, asSpMat(SM))
     diff| Attributes: < Names: 2 string mismatches >
     diff| Attributes: < Length mismatch: comparison on first 7 components >
     diff| Attributes: < Component "class": 1 string mismatch >
     diff| Attributes: < Component 4: Modes: list, character >
     diff| Attributes: < Component 4: Length mismatch: comparison on first 0 components >
     diff| Attributes: < Component 7: Modes: numeric, character >
     diff| Attributes: < Component 7: Lengths: 2, 1 >
     diff| Attributes: < Component 7: target is numeric, current is character >
     Error: 1 out of 251 tests failed
     Execution halted
     Warning message:
     In sparseMatrix(i = ijI%%nrow, j = ijI%/%nrow, index1 = FALSE, symmetric = symmetric, :
     'giveCsparse' has been deprecated; setting 'repr = "T"' for you
Flavor: r-devel-linux-x86_64-fedora-gcc

Version: 0.10.1.2.0
Check: tests
Result: ERROR
     Running ‘tinytest.R’ [0s/195s]
    Running the tests in ‘tests/tinytest.R’ failed.
    Complete output:
     >
     > if (requireNamespace("tinytest", quietly=TRUE) &&
     + utils::packageVersion("tinytest") >= "1.0.0") {
     +
     + ## Set a seed to make the test deterministic
     + set.seed(42)
     +
     + ## R makes us to this
     + Sys.setenv("R_TESTS"="")
     +
     + ## there are several more granular ways to test files in a tinytest directory,
     + ## see its package vignette; tests can also run once the package is installed
     + ## using the same command `test_package(pkgName)`, or by director or file
     + tinytest::test_package("RcppArmadillo", ncpu=getOption("Ncpus", 1))
     + }
     starting worker pid=32585 on localhost:11833 at 13:28:22.246
    
     Running test_Rlapack.R................ 7 tests <1b>[0;32mOK<1b>[0m <1b>[0;34m24.6s<1b>[0m
    
     Running test_complex.R................ 11 tests <1b>[0;32mOK<1b>[0m <1b>[0;34m19.4s<1b>[0m
    
     Running test_cube.R................... 18 tests <1b>[0;32mOK<1b>[0m <1b>[0;34m17.9s<1b>[0m
    
     Running test_fastLm.R................. 25 tests <1b>[0;32mOK<1b>[0m <1b>[0;36m65ms<1b>[0m
    
     Running test_rcpparmadillo.R.......... 48 tests <1b>[0;32mOK<1b>[0m <1b>[0;34m53.0s<1b>[0m
    
     Running test_rmultinom.R.............. 9 tests <1b>[0;32mOK<1b>[0m <1b>[0;34m15.7s<1b>[0m
    
     Running test_rng.R.................... 10 tests <1b>[0;32mOK<1b>[0m <1b>[0;34m15.4s<1b>[0m
    
     Running test_sample.R................. 21 tests <1b>[0;32mOK<1b>[0m <1b>[0;34m17.8s<1b>[0m
    
     Running test_scipy2r.R................ 0 tests <1b>[0;34m3.2s<1b>[0m [Exited at #42: Module scipy missing]
    
     Running test_sparse.R................. 12 tests <1b>[0;32mOK<1b>[0m <1b>[0;34m25.1s<1b>[0m
    
     Running test_sparseConversion.R....... 86 tests <1b>[0;31m1 fails<1b>[0m <1b>[0;34m0.8s<1b>[0m
     ----- FAILED[data]: test_sparseConversion.R<114--114>
     call| expect_equal(dgc, asSpMat(SM))
     diff| Attributes: < Names: 2 string mismatches >
     diff| Attributes: < Length mismatch: comparison on first 7 components >
     diff| Attributes: < Component "class": 1 string mismatch >
     diff| Attributes: < Component 4: Modes: list, character >
     diff| Attributes: < Component 4: Length mismatch: comparison on first 0 components >
     diff| Attributes: < Component 7: Modes: numeric, character >
     diff| Attributes: < Component 7: Lengths: 2, 1 >
     diff| Attributes: < Component 7: target is numeric, current is character >
     Error: 1 out of 247 tests failed
     Warning message:
     In sparseMatrix(i = ijI%%nrow, j = ijI%/%nrow, index1 = FALSE, symmetric = symmetric, :
     'giveCsparse' has been deprecated; setting 'repr = "T"' for you
     Execution halted
Flavor: r-patched-linux-x86_64

Version: 0.10.1.2.0
Check: tests
Result: ERROR
     Running ‘tinytest.R’ [1s/157s]
    Running the tests in ‘tests/tinytest.R’ failed.
    Complete output:
     >
     > if (requireNamespace("tinytest", quietly=TRUE) &&
     + utils::packageVersion("tinytest") >= "1.0.0") {
     +
     + ## Set a seed to make the test deterministic
     + set.seed(42)
     +
     + ## R makes us to this
     + Sys.setenv("R_TESTS"="")
     +
     + ## there are several more granular ways to test files in a tinytest directory,
     + ## see its package vignette; tests can also run once the package is installed
     + ## using the same command `test_package(pkgName)`, or by director or file
     + tinytest::test_package("RcppArmadillo", ncpu=getOption("Ncpus", 1))
     + }
     starting worker pid=2568 on localhost:11256 at 08:18:27.121
    
     Running test_Rlapack.R................ 7 tests <1b>[0;32mOK<1b>[0m <1b>[0;34m18.2s<1b>[0m
    
     Running test_complex.R................ 11 tests <1b>[0;32mOK<1b>[0m <1b>[0;34m15.2s<1b>[0m
    
     Running test_cube.R................... 18 tests <1b>[0;32mOK<1b>[0m <1b>[0;34m14.4s<1b>[0m
    
     Running test_fastLm.R................. 25 tests <1b>[0;32mOK<1b>[0m <1b>[0;36m77ms<1b>[0m
    
     Running test_rcpparmadillo.R.......... 48 tests <1b>[0;32mOK<1b>[0m <1b>[0;34m43.0s<1b>[0m
    
     Running test_rmultinom.R.............. 9 tests <1b>[0;32mOK<1b>[0m <1b>[0;34m13.0s<1b>[0m
    
     Running test_rng.R.................... 10 tests <1b>[0;32mOK<1b>[0m <1b>[0;34m12.7s<1b>[0m
    
     Running test_sample.R................. 21 tests <1b>[0;32mOK<1b>[0m <1b>[0;34m14.5s<1b>[0m
    
     Running test_scipy2r.R................ 0 tests <1b>[0;34m3.2s<1b>[0m [Exited at #42: Module scipy missing]
    
     Running test_sparse.R................. 12 tests <1b>[0;32mOK<1b>[0m <1b>[0;34m20.0s<1b>[0m
    
     Running test_sparseConversion.R....... 86 tests <1b>[0;31m1 fails<1b>[0m <1b>[0;34m0.8s<1b>[0m
     ----- FAILED[data]: test_sparseConversion.R<114--114>
     call| expect_equal(dgc, asSpMat(SM))
     diff| Attributes: < Names: 2 string mismatches >
     diff| Attributes: < Length mismatch: comparison on first 7 components >
     diff| Attributes: < Component "class": 1 string mismatch >
     diff| Attributes: < Component 4: Modes: list, character >
     diff| Attributes: < Component 4: Length mismatch: comparison on first 0 components >
     diff| Attributes: < Component 7: Modes: numeric, character >
     diff| Attributes: < Component 7: Lengths: 2, 1 >
     diff| Attributes: < Component 7: target is numeric, current is character >
     Error: 1 out of 247 tests failed
     Execution halted
     In sparseMatrix(i = ijI%%nrow, j = ijI%/%nrow, index1 = FALSE, symmetric = symmetric, :
     'giveCsparse' has been deprecated; setting 'repr = "T"' for you
Flavor: r-patched-solaris-x86

Version: 0.10.1.2.0
Check: tests
Result: ERROR
     Running ‘tinytest.R’ [0s/194s]
    Running the tests in ‘tests/tinytest.R’ failed.
    Complete output:
     >
     > if (requireNamespace("tinytest", quietly=TRUE) &&
     + utils::packageVersion("tinytest") >= "1.0.0") {
     +
     + ## Set a seed to make the test deterministic
     + set.seed(42)
     +
     + ## R makes us to this
     + Sys.setenv("R_TESTS"="")
     +
     + ## there are several more granular ways to test files in a tinytest directory,
     + ## see its package vignette; tests can also run once the package is installed
     + ## using the same command `test_package(pkgName)`, or by director or file
     + tinytest::test_package("RcppArmadillo", ncpu=getOption("Ncpus", 1))
     + }
     starting worker pid=2291 on localhost:11100 at 21:24:59.221
    
     Running test_Rlapack.R................ 7 tests <1b>[0;32mOK<1b>[0m <1b>[0;34m25.2s<1b>[0m
    
     Running test_complex.R................ 11 tests <1b>[0;32mOK<1b>[0m <1b>[0;34m18.8s<1b>[0m
    
     Running test_cube.R................... 18 tests <1b>[0;32mOK<1b>[0m <1b>[0;34m17.6s<1b>[0m
    
     Running test_fastLm.R................. 25 tests <1b>[0;32mOK<1b>[0m <1b>[0;36m55ms<1b>[0m
    
     Running test_rcpparmadillo.R.......... 48 tests <1b>[0;32mOK<1b>[0m <1b>[0;34m52.3s<1b>[0m
    
     Running test_rmultinom.R.............. 9 tests <1b>[0;32mOK<1b>[0m <1b>[0;34m15.8s<1b>[0m
    
     Running test_rng.R.................... 10 tests <1b>[0;32mOK<1b>[0m <1b>[0;34m16.0s<1b>[0m
    
     Running test_sample.R................. 21 tests <1b>[0;32mOK<1b>[0m <1b>[0;34m18.5s<1b>[0m
    
     Running test_scipy2r.R................ 0 tests <1b>[0;34m3.2s<1b>[0m [Exited at #42: Module scipy missing]
    
     Running test_sparse.R................. 12 tests <1b>[0;32mOK<1b>[0m <1b>[0;34m24.5s<1b>[0m
    
     Running test_sparseConversion.R....... 86 tests <1b>[0;31m1 fails<1b>[0m <1b>[0;34m0.8s<1b>[0m
     ----- FAILED[data]: test_sparseConversion.R<114--114>
     call| expect_equal(dgc, asSpMat(SM))
     diff| Attributes: < Names: 2 string mismatches >
     diff| Attributes: < Length mismatch: comparison on first 7 components >
     diff| Attributes: < Component "class": 1 string mismatch >
     diff| Attributes: < Component 4: Modes: list, character >
     diff| Attributes: < Component 4: Length mismatch: comparison on first 0 components >
     diff| Attributes: < Component 7: Modes: numeric, character >
     diff| Attributes: < Component 7: Lengths: 2, 1 >
     diff| Attributes: < Component 7: target is numeric, current is character >
     Error: 1 out of 247 tests failed
     Warning message:
     In sparseMatrix(i = ijI%%nrow, j = ijI%/%nrow, index1 = FALSE, symmetric = symmetric, :
     'giveCsparse' has been deprecated; setting 'repr = "T"' for you
     Execution halted
Flavor: r-release-linux-x86_64