CRAN Package Check Results for Package Rcpp

Last updated on 2020-12-31 00:46:55 CET.

Flavor Version Tinstall Tcheck Ttotal Status Flags
r-devel-linux-x86_64-debian-clang 1.0.5 61.72 78.55 140.27 OK
r-devel-linux-x86_64-debian-gcc 1.0.5 41.62 62.35 103.97 OK
r-devel-linux-x86_64-fedora-clang 1.0.5 201.18 NOTE
r-devel-linux-x86_64-fedora-gcc 1.0.5 179.80 NOTE
r-devel-windows-ix86+x86_64 1.0.5 128.00 111.00 239.00 NOTE
r-patched-linux-x86_64 1.0.5 50.52 76.85 127.37 OK
r-patched-solaris-x86 1.0.5 190.40 NOTE
r-release-linux-x86_64 1.0.5 50.32 76.84 127.16 OK
r-release-macos-x86_64 1.0.5 NOTE
r-release-windows-ix86+x86_64 1.0.5 128.00 132.00 260.00 NOTE
r-oldrel-macos-x86_64 1.0.5 NOTE
r-oldrel-windows-ix86+x86_64 1.0.5 107.00 103.00 210.00 NOTE

Check Details

Version: 1.0.5
Check: installed package size
Result: NOTE
     installed size is 14.9Mb
     sub-directories of 1Mb or more:
     doc 1.1Mb
     include 6.4Mb
     libs 5.3Mb
Flavors: r-devel-linux-x86_64-fedora-clang, r-devel-windows-ix86+x86_64, r-patched-solaris-x86, r-release-macos-x86_64, r-release-windows-ix86+x86_64, r-oldrel-macos-x86_64, r-oldrel-windows-ix86+x86_64

Version: 1.0.5
Check: foreign function calls
Result: NOTE
    Registration problem:
     symbol ‘symbol’ in the local frame:
     .Call(symbol)
    See chapter ‘System and foreign language interfaces’ in the ‘Writing R
    Extensions’ manual.
Flavors: r-devel-linux-x86_64-fedora-clang, r-devel-linux-x86_64-fedora-gcc