CRAN Package Check Results for Package RcmdrPlugin.NMBU

Last updated on 2020-12-31 00:46:55 CET.

Flavor Version Tinstall Tcheck Ttotal Status Flags
r-devel-linux-x86_64-debian-clang 1.8.12 27.36 160.50 187.86 OK
r-devel-linux-x86_64-debian-gcc 1.8.12 20.46 118.09 138.55 OK
r-devel-linux-x86_64-fedora-clang 1.8.12 236.58 OK
r-devel-linux-x86_64-fedora-gcc 1.8.12 228.75 OK
r-devel-windows-ix86+x86_64 1.8.12 52.00 121.00 173.00 OK
r-patched-linux-x86_64 1.8.12 21.37 144.83 166.20 OK
r-patched-solaris-x86 1.8.12 356.70 OK
r-release-linux-x86_64 1.8.12 20.08 145.37 165.45 OK
r-release-macos-x86_64 1.8.12 OK
r-release-windows-ix86+x86_64 1.8.12 56.00 167.00 223.00 OK
r-oldrel-macos-x86_64 1.8.12 WARN
r-oldrel-windows-ix86+x86_64 1.8.12 27.00 116.00 143.00 OK

Check Details

Version: 1.8.12
Check: dependencies in R code
Result: NOTE
    No protocol specified
    No protocol specified
Flavor: r-oldrel-macos-x86_64

Version: 1.8.12
Check: S3 generic/method consistency
Result: WARN
    No protocol specified
    No protocol specified
    See section ‘Generic functions and methods’ in the ‘Writing R
    Extensions’ manual.
Flavor: r-oldrel-macos-x86_64

Version: 1.8.12
Check: replacement functions
Result: WARN
    No protocol specified
    No protocol specified
    The argument of a replacement function which corresponds to the right
    hand side must be named ‘value’.
Flavor: r-oldrel-macos-x86_64

Version: 1.8.12
Check: foreign function calls
Result: NOTE
    No protocol specified
    No protocol specified
    See chapter ‘System and foreign language interfaces’ in the ‘Writing R
    Extensions’ manual.
Flavor: r-oldrel-macos-x86_64

Version: 1.8.12
Check: R code for possible problems
Result: NOTE
    No protocol specified
    No protocol specified
Flavor: r-oldrel-macos-x86_64

Version: 1.8.12
Check: for missing documentation entries
Result: WARN
    No protocol specified
    No protocol specified
    All user-level objects in a package should have documentation entries.
    See chapter ‘Writing R documentation files’ in the ‘Writing R
    Extensions’ manual.
Flavor: r-oldrel-macos-x86_64

Version: 1.8.12
Check: for code/documentation mismatches
Result: WARN
    No protocol specified
    No protocol specified
    No protocol specified
    No protocol specified
    No protocol specified
    No protocol specified
Flavor: r-oldrel-macos-x86_64

Version: 1.8.12
Check: Rd \usage sections
Result: NOTE
    No protocol specified
    No protocol specified
    The \usage entries for S3 methods should use the \method markup and not
    their full name.
    See chapter ‘Writing R documentation files’ in the ‘Writing R
    Extensions’ manual.
Flavor: r-oldrel-macos-x86_64