CRAN Package Check Results for Package RationalExp

Last updated on 2020-12-31 00:46:54 CET.

Flavor Version Tinstall Tcheck Ttotal Status Flags
r-devel-linux-x86_64-debian-clang 0.2.2 2.42 36.11 38.53 OK
r-devel-linux-x86_64-debian-gcc 0.2.2 1.90 28.41 30.31 OK
r-devel-linux-x86_64-fedora-clang 0.2.2 57.19 OK
r-devel-linux-x86_64-fedora-gcc 0.2.2 47.85 OK
r-devel-windows-ix86+x86_64 0.2.2 6.00 43.00 49.00 OK
r-patched-linux-x86_64 0.2.2 2.32 35.19 37.51 OK
r-patched-solaris-x86 0.2.2 68.80 OK
r-release-linux-x86_64 0.2.2 2.43 31.69 34.12 WARN
r-release-macos-x86_64 0.2.2 OK
r-release-windows-ix86+x86_64 0.2.2 7.00 45.00 52.00 OK
r-oldrel-macos-x86_64 0.2.2 OK
r-oldrel-windows-ix86+x86_64 0.2.2 4.00 40.00 44.00 OK

Check Details

Version: 0.2.2
Check: re-building of vignette outputs
Result: WARN
    Error(s) in re-building vignettes:
     ...
    --- re-building ‘RationalExp.Rnw’ using knitr
    Error: processing vignette 'RationalExp.Rnw' failed with diagnostics:
    Running ‘texi2dvi’ on ‘RationalExp.tex’ failed.
    LaTeX errors:
    ! Undefined control sequence.
    <recently read> \Hy@colorlink
    
    l.111 \begin{document}
    
    ! Undefined control sequence.
    \close@pdflink ->\Hy@endcolorlink
     \Hy@VerboseLinkStop \pdfendlink
    l.111 \begin{document}
    
    ! Undefined control sequence.
    <recently read> \Hy@colorlink
    
    l.111 \begin{document}
    
    ! Undefined control sequence.
    \close@pdflink ->\Hy@endcolorlink
     \Hy@VerboseLinkStop \pdfendlink
    l.111 \begin{document}
    
    --- failed re-building ‘RationalExp.Rnw’
    
    SUMMARY: processing the following file failed:
     ‘RationalExp.Rnw’
    
    Error: Vignette re-building failed.
    Execution halted
Flavor: r-release-linux-x86_64